{"id":235,"date":"2020-11-17T15:00:44","date_gmt":"2020-11-17T15:00:44","guid":{"rendered":"https:\/\/cecip.org.br\/narrativasdepaz\/?page_id=235"},"modified":"2025-12-18T05:10:14","modified_gmt":"2025-12-18T05:10:14","slug":"materiais","status":"publish","type":"page","link":"https:\/\/cecip.org.br\/narrativasdepaz\/materiais\/","title":{"rendered":"Materiais"},"content":{"rendered":"<p>[vc_row][vc_column width=&#8221;2\/3&#8243;][vc_custom_heading auto_text=&#8221;yes&#8221; heading_semantic=&#8221;h1&#8243; text_font=&#8221;font-315019&#8243; text_size=&#8221;fontsize-168100&#8243; text_color=&#8221;color-150545&#8243; sub_lead=&#8221;yes&#8221; subheading=&#8221;Vamos compartilhar conhecimentos?<br \/>\nFizemos uma sele\u00e7\u00e3o de materiais sobre Primeira Inf\u00e2ncia e Cultura de Paz para inspirar e apoiar a pesquisa. S\u00e3o publica\u00e7\u00f5es, v\u00eddeos, podcasts criados pela equipe do Narrativas de Paz, metodologias e experi\u00eancias deste e de outros projetos do CECIP.&#8221;][\/vc_custom_heading][\/vc_column][vc_column column_width_percent=&#8221;100&#8243; gutter_size=&#8221;3&#8243; overlay_alpha=&#8221;50&#8243; shift_x=&#8221;0&#8243; shift_y=&#8221;0&#8243; shift_y_down=&#8221;0&#8243; z_index=&#8221;0&#8243; medium_visibility=&#8221;yes&#8221; medium_width=&#8221;0&#8243; mobile_visibility=&#8221;yes&#8221; mobile_width=&#8221;0&#8243; width=&#8221;1\/3&#8243;][\/vc_column][\/vc_row][vc_row][vc_column column_width_percent=&#8221;100&#8243; gutter_size=&#8221;3&#8243; back_color=&#8221;color-160780&#8243; overlay_alpha=&#8221;50&#8243; shift_x=&#8221;0&#8243; shift_y=&#8221;0&#8243; shift_y_down=&#8221;0&#8243; z_index=&#8221;0&#8243; medium_width=&#8221;0&#8243; mobile_width=&#8221;0&#8243; width=&#8221;1\/1&#8243;][vc_custom_heading text_font=&#8221;font-315019&#8243; text_color=&#8221;color-jevc&#8221;]Publica\u00e7\u00f5es do Projeto Narrativas de Paz &#8211; 2019 e 2022[\/vc_custom_heading][uncode_index el_id=&#8221;index-115178-332&#8243; isotope_mode=&#8221;packery&#8221; loop=&#8221;size:all|order_by:date|post_type:post|categories:15|taxonomy_count:10&#8243; gutter_size=&#8221;3&#8243; post_items=&#8221;media|featured|onpost|original,spacer|half&#8221; screen_lg=&#8221;1000&#8243; screen_md=&#8221;600&#8243; screen_sm=&#8221;480&#8243; single_width=&#8221;3&#8243; single_overlay_opacity=&#8221;50&#8243; single_padding=&#8221;2&#8243; single_title_family=&#8221;font-555555&#8243; single_title_dimension=&#8221;h3&#8243; single_text_lead=&#8221;yes&#8221; single_border=&#8221;yes&#8221; custom_order=&#8221;yes&#8221; no_double_tap=&#8221;yes&#8221; items=&#8221;eyIxMzY4X2kiOnsic2luZ2xlX3RleHQiOiJvdmVybGF5In19&#8243; order_ids=&#8221;1381,1368,1364&#8243;][\/vc_column][\/vc_row][vc_row][vc_column column_width_percent=&#8221;100&#8243; gutter_size=&#8221;3&#8243; back_color=&#8221;color-117259&#8243; overlay_alpha=&#8221;50&#8243; shift_x=&#8221;0&#8243; shift_y=&#8221;0&#8243; shift_y_down=&#8221;0&#8243; z_index=&#8221;0&#8243; medium_width=&#8221;0&#8243; mobile_width=&#8221;0&#8243; width=&#8221;1\/1&#8243;][vc_custom_heading text_font=&#8221;font-315019&#8243; text_color=&#8221;color-jevc&#8221;]Materiais sobre Cultura de Paz[\/vc_custom_heading][uncode_index el_id=&#8221;index-jdak&#8221; isotope_mode=&#8221;packery&#8221; loop=&#8221;size:all|order_by:date|post_type:post|categories:10|taxonomy_count:10&#8243; gutter_size=&#8221;3&#8243; post_items=&#8221;media|featured|onpost|original,spacer|half&#8221; screen_lg=&#8221;1000&#8243; screen_md=&#8221;600&#8243; screen_sm=&#8221;480&#8243; single_width=&#8221;3&#8243; single_overlay_opacity=&#8221;50&#8243; single_padding=&#8221;2&#8243; single_title_family=&#8221;font-555555&#8243; single_title_dimension=&#8221;h3&#8243; single_text_lead=&#8221;yes&#8221; single_border=&#8221;yes&#8221; no_double_tap=&#8221;yes&#8221; items=&#8221;e30=&#8221;][\/vc_column][\/vc_row][vc_row][vc_column column_width_percent=&#8221;100&#8243; gutter_size=&#8221;3&#8243; back_color=&#8221;color-118042&#8243; overlay_alpha=&#8221;50&#8243; shift_x=&#8221;0&#8243; shift_y=&#8221;0&#8243; shift_y_down=&#8221;0&#8243; z_index=&#8221;0&#8243; medium_width=&#8221;0&#8243; mobile_width=&#8221;0&#8243; width=&#8221;1\/1&#8243;][vc_custom_heading text_font=&#8221;font-315019&#8243; text_color=&#8221;color-jevc&#8221;]Materiais sobre Primeira Inf\u00e2ncia[\/vc_custom_heading][uncode_index el_id=&#8221;index-115178&#8243; isotope_mode=&#8221;packery&#8221; loop=&#8221;size:all|order_by:date|post_type:post|categories:9|taxonomy_count:10&#8243; gutter_size=&#8221;3&#8243; post_items=&#8221;media|featured|onpost|original,spacer|half&#8221; screen_lg=&#8221;1000&#8243; screen_md=&#8221;600&#8243; screen_sm=&#8221;480&#8243; single_width=&#8221;3&#8243; single_overlay_opacity=&#8221;50&#8243; single_padding=&#8221;2&#8243; single_title_family=&#8221;font-555555&#8243; single_title_dimension=&#8221;h3&#8243; single_text_lead=&#8221;yes&#8221; single_border=&#8221;yes&#8221; no_double_tap=&#8221;yes&#8221;][\/vc_column][\/vc_row][vc_row][vc_column column_width_percent=&#8221;100&#8243; gutter_size=&#8221;3&#8243; back_color=&#8221;color-208561&#8243; overlay_alpha=&#8221;50&#8243; shift_x=&#8221;0&#8243; shift_y=&#8221;0&#8243; shift_y_down=&#8221;0&#8243; z_index=&#8221;0&#8243; medium_width=&#8221;0&#8243; mobile_width=&#8221;0&#8243; width=&#8221;1\/1&#8243;][vc_custom_heading]<span class=\"font-315019\">Podcasts do Projeto Narrativas de Paz &#8211; 2020 a 2022<\/span>[\/vc_custom_heading][uncode_index el_id=&#8221;index-374670&#8243; isotope_mode=&#8221;fitRows&#8221; loop=&#8221;size:all|order_by:date|post_type:post|categories:13|taxonomy_count:10&#8243; gutter_size=&#8221;3&#8243; post_items=&#8221;media|featured|onpost|original,spacer|half&#8221; screen_lg=&#8221;1000&#8243; screen_md=&#8221;600&#8243; screen_sm=&#8221;480&#8243; single_width=&#8221;3&#8243; single_overlay_opacity=&#8221;50&#8243; single_padding=&#8221;2&#8243; single_title_family=&#8221;font-555555&#8243; single_title_dimension=&#8221;h3&#8243; single_text_lead=&#8221;yes&#8221; single_border=&#8221;yes&#8221;][\/vc_column][\/vc_row][vc_row][vc_column width=&#8221;1\/1&#8243;][vc_empty_space empty_h=&#8221;2&#8243;][\/vc_column][\/vc_row]<\/p>\n","protected":false},"excerpt":{"rendered":"<p>[vc_row][vc_column width=&#8221;2\/3&#8243;][vc_custom_heading auto_text=&#8221;yes&#8221; heading_semantic=&#8221;h1&#8243; text_font=&#8221;font-315019&#8243; text_size=&#8221;fontsize-168100&#8243; text_color=&#8221;color-150545&#8243; sub_lead=&#8221;yes&#8221; subheading=&#8221;Vamos compartilhar conhecimentos? Fizemos uma sele\u00e7\u00e3o de materiais sobre Primeira Inf\u00e2ncia e [&hellip;]<\/p>\n","protected":false},"author":1,"featured_media":0,"parent":0,"menu_order":0,"comment_status":"closed","ping_status":"closed","template":"","meta":[],"_links":{"self":[{"href":"https:\/\/cecip.org.br\/narrativasdepaz\/wp-json\/wp\/v2\/pages\/235"}],"collection":[{"href":"https:\/\/cecip.org.br\/narrativasdepaz\/wp-json\/wp\/v2\/pages"}],"about":[{"href":"https:\/\/cecip.org.br\/narrativasdepaz\/wp-json\/wp\/v2\/types\/page"}],"author":[{"embeddable":true,"href":"https:\/\/cecip.org.br\/narrativasdepaz\/wp-json\/wp\/v2\/users\/1"}],"replies":[{"embeddable":true,"href":"https:\/\/cecip.org.br\/narrativasdepaz\/wp-json\/wp\/v2\/comments?post=235"}],"version-history":[{"count":71,"href":"https:\/\/cecip.org.br\/narrativasdepaz\/wp-json\/wp\/v2\/pages\/235\/revisions"}],"predecessor-version":[{"id":1400,"href":"https:\/\/cecip.org.br\/narrativasdepaz\/wp-json\/wp\/v2\/pages\/235\/revisions\/1400"}],"wp:attachment":[{"href":"https:\/\/cecip.org.br\/narrativasdepaz\/wp-json\/wp\/v2\/media?parent=235"}],"curies":[{"name":"wp","href":"https:\/\/api.w.org\/{rel}","templated":true}]}}

<p>[vc_row][vc_column width=&#8221;2/3&#8243;][vc_custom_heading auto_text=&#8221;yes&#8221; heading_semantic=&#8221;h1&#8243; text_font=&#8221;font-315019&#8243; text_size=&#8221;fontsize-168100&#8243; text_color=&#8221;color-150545&#8243; sub_lead=&#8221;yes&#8221; subheading=&#8221;Vamos compartilhar conhecimentos?<br />
Fizemos uma seleção de materiais sobre Primeira Infância e Cultura de Paz para inspirar e apoiar a pesquisa. São publicações, vídeos, podcasts criados pela equipe do Narrativas de Paz, metodologias e experiências deste e de outros projetos do CECIP.&#8221;][/vc_custom_heading][/vc_column][vc_column column_width_percent=&#8221;100&#8243; gutter_size=&#8221;3&#8243; overlay_alpha=&#8221;50&#8243; shift_x=&#8221;0&#8243; shift_y=&#8221;0&#8243; shift_y_down=&#8221;0&#8243; z_index=&#8221;0&#8243; medium_visibility=&#8221;yes&#8221; medium_width=&#8221;0&#8243; mobile_visibility=&#8221;yes&#8221; mobile_width=&#8221;0&#8243; width=&#8221;1/3&#8243;][/vc_column][/vc_row][vc_row][vc_column column_width_percent=&#8221;100&#8243; gutter_size=&#8221;3&#8243; back_color=&#8221;color-160780&#8243; overlay_alpha=&#8221;50&#8243; shift_x=&#8221;0&#8243; shift_y=&#8221;0&#8243; shift_y_down=&#8221;0&#8243; z_index=&#8221;0&#8243; medium_width=&#8221;0&#8243; mobile_width=&#8221;0&#8243; width=&#8221;1/1&#8243;][vc_custom_heading text_font=&#8221;font-315019&#8243; text_color=&#8221;color-jevc&#8221;]Publicações do Projeto Narrativas de Paz &#8211; 2019 e 2022[/vc_custom_heading][uncode_index el_id=&#8221;index-115178-332&#8243; isotope_mode=&#8221;packery&#8221; loop=&#8221;size:all|order_by:date|post_type:post|categories:15|taxonomy_count:10&#8243; gutter_size=&#8221;3&#8243; post_items=&#8221;media|featured|onpost|original,spacer|half&#8221; screen_lg=&#8221;1000&#8243; screen_md=&#8221;600&#8243; screen_sm=&#8221;480&#8243; single_width=&#8221;3&#8243; single_overlay_opacity=&#8221;50&#8243; single_padding=&#8221;2&#8243; single_title_family=&#8221;font-555555&#8243; single_title_dimension=&#8221;h3&#8243; single_text_lead=&#8221;yes&#8221; single_border=&#8221;yes&#8221; custom_order=&#8221;yes&#8221; no_double_tap=&#8221;yes&#8221; items=&#8221;eyIxMzY4X2kiOnsic2luZ2xlX3RleHQiOiJvdmVybGF5In19&#8243; order_ids=&#8221;1381,1368,1364&#8243;][/vc_column][/vc_row][vc_row][vc_column column_width_percent=&#8221;100&#8243; gutter_size=&#8221;3&#8243; back_color=&#8221;color-117259&#8243; overlay_alpha=&#8221;50&#8243; shift_x=&#8221;0&#8243; shift_y=&#8221;0&#8243; shift_y_down=&#8221;0&#8243; z_index=&#8221;0&#8243; medium_width=&#8221;0&#8243; mobile_width=&#8221;0&#8243; width=&#8221;1/1&#8243;][vc_custom_heading text_font=&#8221;font-315019&#8243; text_color=&#8221;color-jevc&#8221;]Materiais sobre Cultura de Paz[/vc_custom_heading][uncode_index el_id=&#8221;index-jdak&#8221; isotope_mode=&#8221;packery&#8221; loop=&#8221;size:all|order_by:date|post_type:post|categories:10|taxonomy_count:10&#8243; gutter_size=&#8221;3&#8243; post_items=&#8221;media|featured|onpost|original,spacer|half&#8221; screen_lg=&#8221;1000&#8243; screen_md=&#8221;600&#8243; screen_sm=&#8221;480&#8243; single_width=&#8221;3&#8243; single_overlay_opacity=&#8221;50&#8243; single_padding=&#8221;2&#8243; single_title_family=&#8221;font-555555&#8243; single_title_dimension=&#8221;h3&#8243; single_text_lead=&#8221;yes&#8221; single_border=&#8221;yes&#8221; no_double_tap=&#8221;yes&#8221; items=&#8221;e30=&#8221;][/vc_column][/vc_row][vc_row][vc_column column_width_percent=&#8221;100&#8243; gutter_size=&#8221;3&#8243; back_color=&#8221;color-118042&#8243; overlay_alpha=&#8221;50&#8243; shift_x=&#8221;0&#8243; shift_y=&#8221;0&#8243; shift_y_down=&#8221;0&#8243; z_index=&#8221;0&#8243; medium_width=&#8221;0&#8243; mobile_width=&#8221;0&#8243; width=&#8221;1/1&#8243;][vc_custom_heading text_font=&#8221;font-315019&#8243; text_color=&#8221;color-jevc&#8221;]Materiais sobre Primeira Infância[/vc_custom_heading][uncode_index el_id=&#8221;index-115178&#8243; isotope_mode=&#8221;packery&#8221; loop=&#8221;size:all|order_by:date|post_type:post|categories:9|taxonomy_count:10&#8243; gutter_size=&#8221;3&#8243; post_items=&#8221;media|featured|onpost|original,spacer|half&#8221; screen_lg=&#8221;1000&#8243; screen_md=&#8221;600&#8243; screen_sm=&#8221;480&#8243; single_width=&#8221;3&#8243; single_overlay_opacity=&#8221;50&#8243; single_padding=&#8221;2&#8243; single_title_family=&#8221;font-555555&#8243; single_title_dimension=&#8221;h3&#8243; single_text_lead=&#8221;yes&#8221; single_border=&#8221;yes&#8221; no_double_tap=&#8221;yes&#8221;][/vc_column][/vc_row][vc_row][vc_column column_width_percent=&#8221;100&#8243; gutter_size=&#8221;3&#8243; back_color=&#8221;color-208561&#8243; overlay_alpha=&#8221;50&#8243; shift_x=&#8221;0&#8243; shift_y=&#8221;0&#8243; shift_y_down=&#8221;0&#8243; z_index=&#8221;0&#8243; medium_width=&#8221;0&#8243; mobile_width=&#8221;0&#8243; width=&#8221;1/1&#8243;][vc_custom_heading]<span class="font-315019">Podcasts do Projeto Narrativas de Paz &#8211; 2020 a 2022</span>[/vc_custom_heading][uncode_index el_id=&#8221;index-374670&#8243; isotope_mode=&#8221;fitRows&#8221; loop=&#8221;size:all|order_by:date|post_type:post|categories:13|taxonomy_count:10&#8243; gutter_size=&#8221;3&#8243; post_items=&#8221;media|featured|onpost|original,spacer|half&#8221; screen_lg=&#8221;1000&#8243; screen_md=&#8221;600&#8243; screen_sm=&#8221;480&#8243; single_width=&#8221;3&#8243; single_overlay_opacity=&#8221;50&#8243; single_padding=&#8221;2&#8243; single_title_family=&#8221;font-555555&#8243; single_title_dimension=&#8221;h3&#8243; single_text_lead=&#8221;yes&#8221; single_border=&#8221;yes&#8221;][/vc_column][/vc_row][vc_row][vc_column width=&#8221;1/1&#8243;][vc_empty_space empty_h=&#8221;2&#8243;][/vc_column][/vc_row]</p>

<p>[vc_row][vc_column width=&#8221;2/3&#8243;][vc_custom_heading auto_text=&#8221;yes&#8221; heading_semantic=&#8221;h1&#8243; text_font=&#8221;font-315019&#8243; text_size=&#8221;fontsize-168100&#8243; text_color=&#8221;color-150545&#8243; sub_lead=&#8221;yes&#8221; subheading=&#8221;Vamos compartilhar conhecimentos? Fizemos uma seleção de materiais sobre Primeira Infância e [&hellip;]</p>
