{"id":506,"date":"2020-12-09T06:13:11","date_gmt":"2020-12-09T06:13:11","guid":{"rendered":"https:\/\/cecip.org.br\/narrativasdepaz\/?page_id=506"},"modified":"2022-04-19T02:58:56","modified_gmt":"2022-04-19T02:58:56","slug":"acs","status":"publish","type":"page","link":"https:\/\/cecip.org.br\/narrativasdepaz\/acs\/","title":{"rendered":"Agentes Comunit\u00e1rios de Sa\u00fade"},"content":{"rendered":"<p>[vc_row][vc_column width=&#8221;1\/1&#8243;][vc_custom_heading auto_text=&#8221;yes&#8221; heading_semantic=&#8221;h1&#8243; text_font=&#8221;font-315019&#8243; text_size=&#8221;fontsize-168100&#8243; text_color=&#8221;color-150545&#8243;]Quem somos[\/vc_custom_heading][\/vc_column][\/vc_row][vc_row][vc_column column_width_percent=&#8221;100&#8243; gutter_size=&#8221;3&#8243; back_color=&#8221;color-101282&#8243; overlay_alpha=&#8221;50&#8243; shift_x=&#8221;0&#8243; shift_y=&#8221;0&#8243; shift_y_down=&#8221;0&#8243; z_index=&#8221;0&#8243; medium_width=&#8221;0&#8243; mobile_width=&#8221;0&#8243; width=&#8221;1\/1&#8243;][vc_column_text text_lead=&#8221;yes&#8221;]<\/p>\n<div class=\"uncode_text_column\">\n<p><span style=\"font-weight: 400;\">O Narrativas de Paz desenvolve atividades com os Agentes Comunit\u00e1rios de Sa\u00fade (ACS) das equipes da Estrat\u00e9gia Sa\u00fade da Fam\u00edlia que atuam no Centro Municipal de Sa\u00fade Ernani Agr\u00edcola, o posto de sa\u00fade de Santa Teresa. As atividades s\u00e3o divididas em acompanhamentos com cada equipe, forma\u00e7\u00e3o mensal com as equipes reunidas e eventos ocasionais. O trabalho com esse grupo tem como foco a import\u00e2ncia da primeira inf\u00e2ncia, a reflex\u00e3o sobre a pr\u00e1tica profissional e o acompanhamento dos desafios e oportunidades do trabalho dos ACS com as fam\u00edlias com crian\u00e7as no territ\u00f3rio.\u00a0<\/span><\/p>\n<p><span style=\"font-weight: 400;\"><strong>Facilitadora de Refer\u00eancia:<\/strong> Elisa Brazil<\/span><\/div>\n<p>[\/vc_column_text][\/vc_column][\/vc_row][vc_row unlock_row_content=&#8221;yes&#8221; row_height_percent=&#8221;0&#8243; override_padding=&#8221;yes&#8221; h_padding=&#8221;0&#8243; top_padding=&#8221;0&#8243; bottom_padding=&#8221;0&#8243; overlay_alpha=&#8221;100&#8243; gutter_size=&#8221;100&#8243; column_width_percent=&#8221;100&#8243; shift_y=&#8221;0&#8243; z_index=&#8221;0&#8243; style=&#8221;inherited&#8221;][vc_column column_width_percent=&#8221;100&#8243; align_horizontal=&#8221;align_center&#8221; gutter_size=&#8221;3&#8243; overlay_alpha=&#8221;50&#8243; shift_x=&#8221;0&#8243; shift_y=&#8221;0&#8243; medium_width=&#8221;0&#8243; zoom_width=&#8221;0&#8243; zoom_height=&#8221;0&#8243; width=&#8221;1\/1&#8243;][vc_gallery el_id=&#8221;gallery-958453445&#8243; type=&#8221;carousel&#8221; medias=&#8221;530,588,590,528,589,1131&#8243; carousel_lg=&#8221;5&#8243; carousel_md=&#8221;3&#8243; carousel_sm=&#8221;1&#8243; thumb_size=&#8221;one-one&#8221; gutter_size=&#8221;1&#8243; media_items=&#8221;media,icon&#8221; carousel_interval=&#8221;3000&#8243; carousel_navspeed=&#8221;400&#8243; carousel_dots=&#8221;yes&#8221; carousel_dots_mobile=&#8221;yes&#8221; carousel_dots_inside=&#8221;yes&#8221; carousel_dot_padding=&#8221;2&#8243; stage_padding=&#8221;0&#8243; single_overlay_opacity=&#8221;50&#8243; single_text_anim_type=&#8221;btt&#8221; single_h_align=&#8221;center&#8221; single_padding=&#8221;2&#8243; single_icon=&#8221;fa fa-search3&#8243; single_border=&#8221;yes&#8221; single_css_animation=&#8221;bottom-t-top&#8221; single_animation_delay=&#8221;200&#8243; lbox_caption=&#8221;yes&#8221; no_double_tap=&#8221;yes&#8221; carousel_rtl=&#8221;&#8221; single_title_uppercase=&#8221;&#8221; single_title_bold=&#8221;&#8221; single_title_serif=&#8221;&#8221; onclick=&#8221;link_image&#8221; custom_links_target=&#8221;_self&#8221; items=&#8221;eyI4ODY4X2kiOnsic2luZ2xlX3dpZHRoIjoiNCIsInNpbmdsZV9oZWlnaHQiOiI0In0sIjg4NjJfaSI6eyJzaW5nbGVfd2lkdGgiOiI0Iiwic2luZ2xlX2hlaWdodCI6IjQifSwiODg2MF9pIjp7InNpbmdsZV93aWR0aCI6IjQifX0=&#8221; single_half_padding=&#8221;&#8221; single_no_background=&#8221;&#8221;][\/vc_column][\/vc_row][vc_row row_height_percent=&#8221;0&#8243; overlay_alpha=&#8221;50&#8243; gutter_size=&#8221;3&#8243; column_width_percent=&#8221;100&#8243; shift_y=&#8221;0&#8243; z_index=&#8221;0&#8243; enable_top_divider=&#8221;custom&#8221; shape_top_h_use_pixel=&#8221;&#8221; shape_top_height=&#8221;150&#8243; shape_top_opacity=&#8221;100&#8243; shape_top_index=&#8221;0&#8243;][vc_column width=&#8221;1\/2&#8243;][vc_column_text text_lead=&#8221;yes&#8221;]<\/p>\n<hr \/>\n<p style=\"text-align: left;\"><strong><span class=\"font-555555\" style=\"color: #000000;\">O Narrativas de Paz produz uma s\u00e9rie de PODCASTS que trazem a colabora\u00e7\u00e3o de profissionais de diversas \u00e1reas. Fique \u00e0 vontade para ouvir e compartilhar, basta clicar no t\u00edtulo para ouvir <em>on-line<\/em>.<\/span><\/strong><\/p>\n<p>[\/vc_column_text][vc_single_image media=&#8221;1123&#8243; media_width_percent=&#8221;100&#8243; media_link=&#8221;url:https%3A%2F%2Fcecip.org.br%2Fnarrativasdepaz%2F2022%2F03%2F17%2Fpodcast-narrativas%2F|title:Podcast%20Narrativas|target:_blank&#8221;][\/vc_column][vc_column column_width_percent=&#8221;100&#8243; gutter_size=&#8221;3&#8243; back_color=&#8221;color-160390&#8243; overlay_alpha=&#8221;50&#8243; shift_x=&#8221;0&#8243; shift_y=&#8221;0&#8243; shift_y_down=&#8221;0&#8243; z_index=&#8221;0&#8243; medium_width=&#8221;0&#8243; mobile_width=&#8221;0&#8243; width=&#8221;1\/2&#8243;][vc_column_text text_lead=&#8221;yes&#8221;]<\/p>\n<div class=\"uncode_text_column\">\n<div class=\"uncode_text_column\">\n<p class=\"p1\"><strong style=\"font-family: -apple-system, BlinkMacSystemFont, 'Segoe UI', Roboto, Oxygen-Sans, Ubuntu, Cantarell, 'Helvetica Neue', sans-serif;\"><a href=\"https:\/\/drive.google.com\/file\/d\/1E4q6Sf8ajMnyIbqcAaSs0qZ2-6ik3v7l\/view?usp=sharing\" target=\"_blank\" rel=\"noopener noreferrer\">Podcast CMS Ernani Agr\u00edcola informa: Atendimento<\/a><br \/>\n<\/strong><span style=\"font-family: -apple-system, BlinkMacSystemFont, 'Segoe UI', Roboto, Oxygen-Sans, Ubuntu, Cantarell, 'Helvetica Neue', sans-serif;\">Informa\u00e7\u00f5es sobre o atendimento de gestantes e pu\u00e9rperas no Centro Municipal de Sa\u00fade Ernani Agr\u00edcola, com a participa\u00e7\u00e3o das Agentes Comunit\u00e1rias de Sa\u00fade:<br \/>\n<\/span><strong style=\"font-family: -apple-system, BlinkMacSystemFont, 'Segoe UI', Roboto, Oxygen-Sans, Ubuntu, Cantarell, 'Helvetica Neue', sans-serif;\">Rosa <\/strong><span style=\"font-family: -apple-system, BlinkMacSystemFont, 'Segoe UI', Roboto, Oxygen-Sans, Ubuntu, Cantarell, 'Helvetica Neue', sans-serif;\">e<\/span><strong style=\"font-family: -apple-system, BlinkMacSystemFont, 'Segoe UI', Roboto, Oxygen-Sans, Ubuntu, Cantarell, 'Helvetica Neue', sans-serif;\"> In\u00e1cia<\/strong><\/p>\n<\/div>\n<p><strong><a href=\"https:\/\/drive.google.com\/file\/d\/11Pwbj6NHWjiS5jEFM_tiFSdR0bnIKtlN\/view?usp=sharing\" target=\"_blank\" rel=\"noopener noreferrer\">Podcast CMS Ernani Agr\u00edcola informa: Direitos<\/a><br \/>\n<\/strong>Informa\u00e7\u00f5es sobre os direitos trabalhistas de gestantes e pu\u00e9rperas, com a participa\u00e7\u00e3o das Agentes Comunit\u00e1rias de Sa\u00fade:<br \/>\n<strong>Rosa <\/strong>e<strong> Carol<\/strong><\/p>\n<p><span style=\"color: #33cccc;\"><strong><a style=\"color: #33cccc;\" href=\"https:\/\/drive.google.com\/file\/d\/1cvbmfOsk-ZAIKgPXF11Ml4ZFpQoqxe2G\/view?usp=sharing\" target=\"_blank\" rel=\"noopener noreferrer\">Podcast Homenagem ao dia do ACS<\/a><br \/>\n<\/strong><\/span>Em homenagem ao <strong>Dia Nacional dos Agentes de Sa\u00fade<\/strong>, comemorado no dia 4 de outubro, compartilhamos nesta edi\u00e7\u00e3o especial do <strong>Podcast Narrativas de Paz<\/strong> as falas de usu\u00e1rios do Centro Municipal de Sa\u00fade Ernani Agr\u00edcola sobre o atendimento e a import\u00e2ncia do grupo de Agentes Comunit\u00e1rios de Sa\u00fade no bairro de Santa Teresa. Esta homenagem conta com a participa\u00e7\u00e3o de <strong>Ruani<\/strong> educadora de institui\u00e7\u00f5es de <span style=\"color: #333333;\"><strong><a style=\"color: #333333;\" href=\"https:\/\/cecip.org.br\/narrativasdepaz\/educacao-infantil\/\">educa\u00e7\u00e3o infantil<\/a><\/strong><\/span>\u00a0em Santa Teresa, de <strong>Mariana<\/strong> que \u00e9 m\u00e3e participante do grupo <span style=\"color: #ffffff;\"><span style=\"color: #000000;\"><span style=\"color: #333333;\"><strong><a style=\"color: #333333;\" href=\"https:\/\/cecip.org.br\/narrativasdepaz\/maesdesanta\/\">M\u00e3es de Santa<\/a><\/strong><\/span>,<\/span><\/span> e <strong>Ed Cura<\/strong>, artista visual morador da comunidade do Fallet.<br \/>\nParab\u00e9ns a este grupo de profissionais com quem temos a honra de trabalhar t\u00e3o de perto!<\/p>\n<\/div>\n<p>[\/vc_column_text][\/vc_column][\/vc_row][vc_row unlock_row_content=&#8221;yes&#8221; row_height_percent=&#8221;0&#8243; override_padding=&#8221;yes&#8221; h_padding=&#8221;0&#8243; top_padding=&#8221;0&#8243; bottom_padding=&#8221;0&#8243; overlay_alpha=&#8221;100&#8243; gutter_size=&#8221;100&#8243; column_width_percent=&#8221;100&#8243; shift_y=&#8221;0&#8243; z_index=&#8221;0&#8243; style=&#8221;inherited&#8221;][vc_column column_width_percent=&#8221;100&#8243; align_horizontal=&#8221;align_center&#8221; gutter_size=&#8221;3&#8243; overlay_alpha=&#8221;50&#8243; shift_x=&#8221;0&#8243; shift_y=&#8221;0&#8243; medium_width=&#8221;0&#8243; zoom_width=&#8221;0&#8243; zoom_height=&#8221;0&#8243; width=&#8221;1\/1&#8243;][vc_custom_heading heading_semantic=&#8221;h1&#8243; text_font=&#8221;font-315019&#8243; text_size=&#8221;fontsize-192918&#8243; text_color=&#8221;color-150545&#8243; subheading=&#8221;Mudando a hist\u00f3ria \u00e9 uma atividade do Projeto Narrativas de Paz realizada com os Agentes Comunit\u00e1rios de Sa\u00fade do Posto Ernani Agr\u00edcola.&#8221;]Mudando a Hist\u00f3ria[\/vc_custom_heading][\/vc_column][\/vc_row][vc_row][vc_column column_width_percent=&#8221;70&#8243; gutter_size=&#8221;3&#8243; overlay_alpha=&#8221;50&#8243; border_color=&#8221;color-160780&#8243; shift_x=&#8221;0&#8243; shift_y=&#8221;0&#8243; shift_y_down=&#8221;0&#8243; z_index=&#8221;0&#8243; medium_width=&#8221;0&#8243; mobile_width=&#8221;0&#8243; width=&#8221;1\/1&#8243;][vc_single_image media=&#8221;962&#8243; media_width_percent=&#8221;100&#8243; media_ratio=&#8221;one-one&#8221; alignment=&#8221;center&#8221;][vc_single_image media=&#8221;963&#8243; media_width_percent=&#8221;100&#8243; media_ratio=&#8221;one-one&#8221; alignment=&#8221;center&#8221;][vc_single_image media=&#8221;1037&#8243; media_width_percent=&#8221;100&#8243; media_ratio=&#8221;one-one&#8221; alignment=&#8221;center&#8221;][\/vc_column][\/vc_row][vc_row][vc_column width=&#8221;1\/1&#8243;][vc_custom_heading heading_semantic=&#8221;h1&#8243; text_font=&#8221;font-315019&#8243; text_size=&#8221;fontsize-192918&#8243; text_color=&#8221;color-150545&#8243;]Not\u00edcias sobre os ACS[\/vc_custom_heading][vc_button button_color=&#8221;color-117259&#8243; border_width=&#8221;0&#8243; link=&#8221;url:https%3A%2F%2Fcecip.org.br%2Fnarrativasdepaz%2F2022%2F02%2F08%2Ftodo-afeto-aos-profissionais-da-saude-em-2022%2F|target:_blank&#8221;]Todo afeto aos profissionais da sa\u00fade em 2022[\/vc_button][vc_button button_color=&#8221;color-117259&#8243; border_width=&#8221;0&#8243; link=&#8221;url:https%3A%2F%2Fcecip.org.br%2Fnarrativasdepaz%2F2021%2F10%2F28%2Fed-cura-nas-atividades-do-projeto-narrativas-de-paz%2F|target:_blank&#8221;]Ed Cura nas atividades do projeto Narrativas de Paz[\/vc_button][vc_button button_color=&#8221;color-117259&#8243; border_width=&#8221;0&#8243; link=&#8221;url:https%3A%2F%2Fcecip.org.br%2Fnarrativasdepaz%2F2021%2F10%2F04%2Fhomenagem-no-dia-do-acs%2F|target:_blank&#8221;]Homenagem no Dia do ACS[\/vc_button][vc_button button_color=&#8221;color-117259&#8243; border_width=&#8221;0&#8243; link=&#8221;url:https%3A%2F%2Fcecip.org.br%2Fnarrativasdepaz%2F2021%2F04%2F01%2Feu-abraco-o-cms-ernani-agricola-eu-abraco-o-sus%2F|target:_blank&#8221;]Eu abra\u00e7o o CMS Ernani Agr\u00edcola! \ud83d\udc99  Eu abra\u00e7o o SUS![\/vc_button][vc_button button_color=&#8221;color-117259&#8243; border_width=&#8221;0&#8243; link=&#8221;url:https%3A%2F%2Fcecip.org.br%2Fnarrativasdepaz%2F2021%2F02%2F02%2Fmemorias-de2020-e-esperanca-para-2021%2F|target:_blank&#8221;]Mem\u00f3rias de 2020 e Esperan\u00e7as para 2021[\/vc_button][vc_button button_color=&#8221;color-117259&#8243; border_width=&#8221;0&#8243; link=&#8221;url:https%3A%2F%2Fcecip.org.br%2Fnarrativasdepaz%2F2020%2F11%2F04%2Fcms-ernani-agricola-completa-77-anos%2F|target:_blank&#8221;]CMS Ernani Agr\u00edcola completa 77 anos[\/vc_button][vc_button button_color=&#8221;color-117259&#8243; border_width=&#8221;0&#8243; link=&#8221;url:https%3A%2F%2Fcecip.org.br%2Fnarrativasdepaz%2F2020%2F10%2F26%2Fdia-nacional-dos-agentes-de-saude%2F|target:_blank&#8221;]4 de Outubro: Dia Nacional dos Agentes de Sa\u00fade[\/vc_button][\/vc_column][\/vc_row]<\/p>\n","protected":false},"excerpt":{"rendered":"<p>[vc_row][vc_column width=&#8221;1\/1&#8243;][vc_custom_heading auto_text=&#8221;yes&#8221; heading_semantic=&#8221;h1&#8243; text_font=&#8221;font-315019&#8243; text_size=&#8221;fontsize-168100&#8243; text_color=&#8221;color-150545&#8243;]Quem somos[\/vc_custom_heading][\/vc_column][\/vc_row][vc_row][vc_column column_width_percent=&#8221;100&#8243; gutter_size=&#8221;3&#8243; back_color=&#8221;color-101282&#8243; overlay_alpha=&#8221;50&#8243; shift_x=&#8221;0&#8243; shift_y=&#8221;0&#8243; shift_y_down=&#8221;0&#8243; z_index=&#8221;0&#8243; medium_width=&#8221;0&#8243; mobile_width=&#8221;0&#8243; width=&#8221;1\/1&#8243;][vc_column_text text_lead=&#8221;yes&#8221;] [&hellip;]<\/p>\n","protected":false},"author":1,"featured_media":0,"parent":0,"menu_order":0,"comment_status":"closed","ping_status":"closed","template":"","meta":[],"_links":{"self":[{"href":"https:\/\/cecip.org.br\/narrativasdepaz\/wp-json\/wp\/v2\/pages\/506"}],"collection":[{"href":"https:\/\/cecip.org.br\/narrativasdepaz\/wp-json\/wp\/v2\/pages"}],"about":[{"href":"https:\/\/cecip.org.br\/narrativasdepaz\/wp-json\/wp\/v2\/types\/page"}],"author":[{"embeddable":true,"href":"https:\/\/cecip.org.br\/narrativasdepaz\/wp-json\/wp\/v2\/users\/1"}],"replies":[{"embeddable":true,"href":"https:\/\/cecip.org.br\/narrativasdepaz\/wp-json\/wp\/v2\/comments?post=506"}],"version-history":[{"count":34,"href":"https:\/\/cecip.org.br\/narrativasdepaz\/wp-json\/wp\/v2\/pages\/506\/revisions"}],"predecessor-version":[{"id":1303,"href":"https:\/\/cecip.org.br\/narrativasdepaz\/wp-json\/wp\/v2\/pages\/506\/revisions\/1303"}],"wp:attachment":[{"href":"https:\/\/cecip.org.br\/narrativasdepaz\/wp-json\/wp\/v2\/media?parent=506"}],"curies":[{"name":"wp","href":"https:\/\/api.w.org\/{rel}","templated":true}]}}