{"id":511,"date":"2020-12-09T06:17:54","date_gmt":"2020-12-09T06:17:54","guid":{"rendered":"https:\/\/cecip.org.br\/narrativasdepaz\/?page_id=511"},"modified":"2023-04-19T20:24:08","modified_gmt":"2023-04-19T20:24:08","slug":"educacao-infantil","status":"publish","type":"page","link":"https:\/\/cecip.org.br\/narrativasdepaz\/educacao-infantil\/","title":{"rendered":"Educa\u00e7\u00e3o Infantil"},"content":{"rendered":"<p>[vc_row][vc_column width=&#8221;1\/1&#8243;][vc_custom_heading auto_text=&#8221;yes&#8221; heading_semantic=&#8221;h1&#8243; text_font=&#8221;font-315019&#8243; text_size=&#8221;fontsize-168100&#8243; text_color=&#8221;color-150545&#8243;]Quem somos[\/vc_custom_heading][\/vc_column][\/vc_row][vc_row][vc_column column_width_percent=&#8221;100&#8243; gutter_size=&#8221;3&#8243; back_color=&#8221;color-118042&#8243; overlay_alpha=&#8221;50&#8243; shift_x=&#8221;0&#8243; shift_y=&#8221;0&#8243; shift_y_down=&#8221;0&#8243; z_index=&#8221;0&#8243; medium_width=&#8221;0&#8243; mobile_width=&#8221;0&#8243; width=&#8221;1\/1&#8243;][vc_column_text text_lead=&#8221;yes&#8221;]<\/p>\n<div class=\"uncode_text_column\">\n<p><span style=\"font-weight: 400;\">Um dos p\u00fablicos participantes do projeto Narrativas de Paz \u00e9 formado por educadoras e educadores de Santa Teresa. A parceria com esse p\u00fablico da educa\u00e7\u00e3o infantil foi iniciada por meio da articula\u00e7\u00e3o com o <strong>Programa Sa\u00fade na Escola<\/strong>, que \u00e9 um programa intersetorial no territ\u00f3rio. Assim, estabelecemos uma rotina de atividades com os profissionais do <strong>Espa\u00e7o de Desenvolvimento Infantil Helo\u00edsa Marinho<\/strong> e com a <strong>Creche e Pr\u00e9-Escola Cantinho Feliz<\/strong>. As atividades acontecem a cada duas semanas com cada grupo e t\u00eam como foco o fortalecimento do v\u00ednculo entre os educadoras e as educadores de cada equipe, o est\u00edmulo \u00e0 reflex\u00e3o sobre a pr\u00e1tica e o desenvolvimento de estrat\u00e9gias de autocuidado coletivas para o apoio a esses profissionais que est\u00e3o em contato direto com as crian\u00e7as e suas fam\u00edlias.<\/span><\/p>\n<p><span style=\"font-weight: 400;\"><strong>Facilitadora de Refer\u00eancia:<\/strong> Soraia Melo<\/span><\/div>\n<p>[\/vc_column_text][\/vc_column][\/vc_row][vc_row unlock_row_content=&#8221;yes&#8221; row_height_percent=&#8221;0&#8243; override_padding=&#8221;yes&#8221; h_padding=&#8221;0&#8243; top_padding=&#8221;0&#8243; bottom_padding=&#8221;0&#8243; overlay_alpha=&#8221;100&#8243; gutter_size=&#8221;100&#8243; column_width_percent=&#8221;100&#8243; shift_y=&#8221;0&#8243; z_index=&#8221;0&#8243; style=&#8221;inherited&#8221;][vc_column column_width_percent=&#8221;100&#8243; align_horizontal=&#8221;align_center&#8221; gutter_size=&#8221;3&#8243; overlay_alpha=&#8221;50&#8243; shift_x=&#8221;0&#8243; shift_y=&#8221;0&#8243; medium_width=&#8221;0&#8243; zoom_width=&#8221;0&#8243; zoom_height=&#8221;0&#8243; width=&#8221;1\/1&#8243;][vc_gallery el_id=&#8221;gallery-958453445&#8243; type=&#8221;carousel&#8221; medias=&#8221;573,574,575,576,577&#8243; carousel_lg=&#8221;5&#8243; carousel_md=&#8221;1&#8243; carousel_sm=&#8221;1&#8243; thumb_size=&#8221;one-one&#8221; gutter_size=&#8221;1&#8243; media_items=&#8221;media,icon&#8221; carousel_interval=&#8221;3000&#8243; carousel_navspeed=&#8221;400&#8243; carousel_dots=&#8221;yes&#8221; carousel_dots_mobile=&#8221;yes&#8221; carousel_dots_inside=&#8221;yes&#8221; carousel_dot_padding=&#8221;2&#8243; stage_padding=&#8221;0&#8243; single_overlay_opacity=&#8221;50&#8243; single_text_anim_type=&#8221;btt&#8221; single_h_align=&#8221;center&#8221; single_padding=&#8221;2&#8243; single_icon=&#8221;fa fa-search3&#8243; single_border=&#8221;yes&#8221; single_css_animation=&#8221;bottom-t-top&#8221; single_animation_delay=&#8221;200&#8243; lbox_caption=&#8221;yes&#8221; no_double_tap=&#8221;yes&#8221; carousel_rtl=&#8221;&#8221; single_title_uppercase=&#8221;&#8221; single_title_bold=&#8221;&#8221; single_title_serif=&#8221;&#8221; onclick=&#8221;link_image&#8221; custom_links_target=&#8221;_self&#8221; items=&#8221;eyI4ODY4X2kiOnsic2luZ2xlX3dpZHRoIjoiNCIsInNpbmdsZV9oZWlnaHQiOiI0In0sIjg4NjJfaSI6eyJzaW5nbGVfd2lkdGgiOiI0Iiwic2luZ2xlX2hlaWdodCI6IjQifSwiODg2MF9pIjp7InNpbmdsZV93aWR0aCI6IjQifX0=&#8221; single_half_padding=&#8221;&#8221; single_no_background=&#8221;&#8221;][\/vc_column][\/vc_row][vc_row row_height_percent=&#8221;0&#8243; override_padding=&#8221;yes&#8221; h_padding=&#8221;2&#8243; top_padding=&#8221;2&#8243; bottom_padding=&#8221;5&#8243; overlay_alpha=&#8221;50&#8243; gutter_size=&#8221;3&#8243; column_width_percent=&#8221;100&#8243; border_color=&#8221;color-gyho&#8221; border_style=&#8221;solid&#8221; shift_y=&#8221;0&#8243; z_index=&#8221;0&#8243; css=&#8221;.vc_custom_1555335928240{border-top-width: 1px !important;}&#8221;][vc_column column_width_percent=&#8221;100&#8243; align_horizontal=&#8221;align_center&#8221; gutter_size=&#8221;3&#8243; overlay_alpha=&#8221;50&#8243; shift_x=&#8221;0&#8243; shift_y=&#8221;0&#8243; shift_y_down=&#8221;0&#8243; z_index=&#8221;0&#8243; medium_width=&#8221;0&#8243; mobile_width=&#8221;0&#8243; width=&#8221;1\/1&#8243;][vc_custom_heading heading_semantic=&#8221;h1&#8243; text_font=&#8221;font-315019&#8243; text_size=&#8221;fontsize-192918&#8243; text_color=&#8221;color-150545&#8243;]Mudando as narrativas da pandemia[\/vc_custom_heading][vc_column_text]<\/p>\n<p style=\"text-align: left;\">O projeto <strong>Narrativas de Paz<\/strong> e o <strong>EDI Helo\u00edsa Marinho<\/strong> seguem buscando formas de estarem juntos remotamente e mudar as narrativas da pandemia. Com os desafios de n\u00e3o conseguir ter encontros s\u00edncronos com a toda a equipe, no m\u00eas de julho, educadoras e educador abra\u00e7aram a proposta de, durante o conselho de classe, escolherem livros infantis da biblioteca da escola que lhes chamassem a aten\u00e7\u00e3o.<br \/>\nDepois de escolhido o livro, cada um da equipe adaptou a fala de um personagem para uma quest\u00e3o do cotidiano na pandemia. Foram falas de crian\u00e7as, animais e outros personagens que voc\u00ea pode conferir no v\u00eddeo da Tatiana que escolheu o livro \u201cUm tanto perdida\u201d e a emocionante hist\u00f3ria \u201cSinto que eu sinto\u201d de L\u00e1zaro Ramos, adaptado pela Yasmine.[\/vc_column_text][\/vc_column][\/vc_row][vc_row row_height_percent=&#8221;0&#8243; overlay_alpha=&#8221;50&#8243; gutter_size=&#8221;3&#8243; column_width_percent=&#8221;100&#8243; shift_y=&#8221;-4&#8243; z_index=&#8221;0&#8243;][vc_column column_width_percent=&#8221;70&#8243; gutter_size=&#8221;3&#8243; overlay_alpha=&#8221;50&#8243; shift_x=&#8221;0&#8243; shift_y=&#8221;0&#8243; shift_y_down=&#8221;0&#8243; z_index=&#8221;0&#8243; medium_width=&#8221;0&#8243; mobile_width=&#8221;0&#8243; width=&#8221;1\/1&#8243;][vc_single_image media=&#8221;1001&#8243; media_width_percent=&#8221;100&#8243; media_ratio=&#8221;one-one&#8221; alignment=&#8221;center&#8221;][\/vc_column][\/vc_row][vc_row][vc_column width=&#8221;1\/1&#8243;][vc_custom_heading heading_semantic=&#8221;h1&#8243; text_font=&#8221;font-315019&#8243; text_size=&#8221;fontsize-192918&#8243; text_color=&#8221;color-150545&#8243;]Not\u00edcias sobre a Educa\u00e7\u00e3o Infantil[\/vc_custom_heading][vc_button button_color=&#8221;color-118042&#8243; border_width=&#8221;0&#8243; link=&#8221;url:https%3A%2F%2Fcecip.org.br%2Fnarrativasdepaz%2F2022%2F05%2F03%2Fnarrativas-de-paz-encerra-as-acoes-presenciais-na-creche-cantinho-feliz%2F|title:Narrativas%20de%20Paz%20encerra%20as%20a%C3%A7%C3%B5es%20presenciais%20na%20Creche%20Cantinho%20Feliz|target:_blank&#8221;]Narrativas de Paz encerra as a\u00e7\u00f5es presenciais na Creche Cantinho Feliz[\/vc_button][vc_button button_color=&#8221;color-118042&#8243; border_width=&#8221;0&#8243; link=&#8221;url:https%3A%2F%2Fcecip.org.br%2Fnarrativasdepaz%2F2022%2F03%2F09%2Fedi-heloisa-marinho-comemora-10-anos%2F|target:_blank&#8221;]EDI Heloisa Marinho Comemora 10 Anos[\/vc_button][vc_button button_color=&#8221;color-118042&#8243; border_width=&#8221;0&#8243; link=&#8221;url:https%3A%2F%2Fcecip.org.br%2Fnarrativasdepaz%2F2021%2F10%2F15%2Fnarrativas-de-paz-comemora-o-15-de-outubro-com-educadoras-de-creches%2F|target:_blank&#8221;]Narrativas de Paz comemora o 15 de outubro[\/vc_button][vc_button button_color=&#8221;color-118042&#8243; border_width=&#8221;0&#8243; link=&#8221;url:https%3A%2F%2Fcecip.org.br%2Fnarrativasdepaz%2F2021%2F08%2F20%2Fmudando-as-narrativas-da-pandemia%2F|target:_blank&#8221;]Mudando as narrativas da pandemia[\/vc_button][vc_button button_color=&#8221;color-118042&#8243; border_width=&#8221;0&#8243; link=&#8221;url:https%3A%2F%2Fcecip.org.br%2Fnarrativasdepaz%2F2021%2F07%2F01%2Fcompartilhando-a-noticia-do-instituto-trilho%2F|target:_blank&#8221;]Compartilhando a not\u00edcia do Instituto Trilho[\/vc_button][vc_button button_color=&#8221;color-118042&#8243; border_width=&#8221;0&#8243; link=&#8221;url:https%3A%2F%2Fcecip.org.br%2Fnarrativasdepaz%2F2021%2F04%2F29%2Fsugestao-de-leitura-da-dora%2F|target:_blank&#8221;]Sugest\u00e3o de Leitura da Dora[\/vc_button][vc_button button_color=&#8221;color-118042&#8243; border_width=&#8221;0&#8243; link=&#8221;url:https%3A%2F%2Fcecip.org.br%2Fnarrativasdepaz%2F2021%2F04%2F19%2Fcomemorando-o-dia-nacional-do-livro-infantil%2F|target:_blank&#8221;]Comemorando o Dia Nacional do Livro Infantil[\/vc_button][vc_button button_color=&#8221;color-118042&#8243; border_width=&#8221;0&#8243; link=&#8221;url:https%3A%2F%2Fcecip.org.br%2Fnarrativasdepaz%2F2021%2F04%2F01%2Feducar-sem-violencia-com-a-creche-cantinho-feliz%2F|target:_blank&#8221;]Educar sem viol\u00eancia com a Creche Cantinho Feliz[\/vc_button][vc_button button_color=&#8221;color-118042&#8243; border_width=&#8221;0&#8243; link=&#8221;url:https%3A%2F%2Fcecip.org.br%2Fnarrativasdepaz%2F2020%2F12%2F21%2Fum-carinho-da-creche-cantinho-feliz%2F|target:_blank&#8221;]Um carinho da Creche Cantinho Feliz[\/vc_button][\/vc_column][\/vc_row]<\/p>\n","protected":false},"excerpt":{"rendered":"<p>[vc_row][vc_column width=&#8221;1\/1&#8243;][vc_custom_heading auto_text=&#8221;yes&#8221; heading_semantic=&#8221;h1&#8243; text_font=&#8221;font-315019&#8243; text_size=&#8221;fontsize-168100&#8243; text_color=&#8221;color-150545&#8243;]Quem somos[\/vc_custom_heading][\/vc_column][\/vc_row][vc_row][vc_column column_width_percent=&#8221;100&#8243; gutter_size=&#8221;3&#8243; back_color=&#8221;color-118042&#8243; overlay_alpha=&#8221;50&#8243; shift_x=&#8221;0&#8243; shift_y=&#8221;0&#8243; shift_y_down=&#8221;0&#8243; z_index=&#8221;0&#8243; medium_width=&#8221;0&#8243; mobile_width=&#8221;0&#8243; width=&#8221;1\/1&#8243;][vc_column_text text_lead=&#8221;yes&#8221;] [&hellip;]<\/p>\n","protected":false},"author":1,"featured_media":0,"parent":0,"menu_order":0,"comment_status":"closed","ping_status":"closed","template":"","meta":[],"_links":{"self":[{"href":"https:\/\/cecip.org.br\/narrativasdepaz\/wp-json\/wp\/v2\/pages\/511"}],"collection":[{"href":"https:\/\/cecip.org.br\/narrativasdepaz\/wp-json\/wp\/v2\/pages"}],"about":[{"href":"https:\/\/cecip.org.br\/narrativasdepaz\/wp-json\/wp\/v2\/types\/page"}],"author":[{"embeddable":true,"href":"https:\/\/cecip.org.br\/narrativasdepaz\/wp-json\/wp\/v2\/users\/1"}],"replies":[{"embeddable":true,"href":"https:\/\/cecip.org.br\/narrativasdepaz\/wp-json\/wp\/v2\/comments?post=511"}],"version-history":[{"count":24,"href":"https:\/\/cecip.org.br\/narrativasdepaz\/wp-json\/wp\/v2\/pages\/511\/revisions"}],"predecessor-version":[{"id":572,"href":"https:\/\/cecip.org.br\/narrativasdepaz\/wp-json\/wp\/v2\/pages\/511\/revisions\/572"}],"wp:attachment":[{"href":"https:\/\/cecip.org.br\/narrativasdepaz\/wp-json\/wp\/v2\/media?parent=511"}],"curies":[{"name":"wp","href":"https:\/\/api.w.org\/{rel}","templated":true}]}}

Educação Infantil

<p>[vc_row][vc_column width=&#8221;1/1&#8243;][vc_custom_heading auto_text=&#8221;yes&#8221; heading_semantic=&#8221;h1&#8243; text_font=&#8221;font-315019&#8243; text_size=&#8221;fontsize-168100&#8243; text_color=&#8221;color-150545&#8243;]Quem somos[/vc_custom_heading][/vc_column][/vc_row][vc_row][vc_column column_width_percent=&#8221;100&#8243; gutter_size=&#8221;3&#8243; back_color=&#8221;color-118042&#8243; overlay_alpha=&#8221;50&#8243; shift_x=&#8221;0&#8243; shift_y=&#8221;0&#8243; shift_y_down=&#8221;0&#8243; z_index=&#8221;0&#8243; medium_width=&#8221;0&#8243; mobile_width=&#8221;0&#8243; width=&#8221;1/1&#8243;][vc_column_text text_lead=&#8221;yes&#8221;]</p>
<div class="uncode_text_column">
<p><span style="font-weight: 400;">Um dos públicos participantes do projeto Narrativas de Paz é formado por educadoras e educadores de Santa Teresa. A parceria com esse público da educação infantil foi iniciada por meio da articulação com o <strong>Programa Saúde na Escola</strong>, que é um programa intersetorial no território. Assim, estabelecemos uma rotina de atividades com os profissionais do <strong>Espaço de Desenvolvimento Infantil Heloísa Marinho</strong> e com a <strong>Creche e Pré-Escola Cantinho Feliz</strong>. As atividades acontecem a cada duas semanas com cada grupo e têm como foco o fortalecimento do vínculo entre os educadoras e as educadores de cada equipe, o estímulo à reflexão sobre a prática e o desenvolvimento de estratégias de autocuidado coletivas para o apoio a esses profissionais que estão em contato direto com as crianças e suas famílias.</span></p>
<p><span style="font-weight: 400;"><strong>Facilitadora de Referência:</strong> Soraia Melo</span></div>
<p>[/vc_column_text][/vc_column][/vc_row][vc_row unlock_row_content=&#8221;yes&#8221; row_height_percent=&#8221;0&#8243; override_padding=&#8221;yes&#8221; h_padding=&#8221;0&#8243; top_padding=&#8221;0&#8243; bottom_padding=&#8221;0&#8243; overlay_alpha=&#8221;100&#8243; gutter_size=&#8221;100&#8243; column_width_percent=&#8221;100&#8243; shift_y=&#8221;0&#8243; z_index=&#8221;0&#8243; style=&#8221;inherited&#8221;][vc_column column_width_percent=&#8221;100&#8243; align_horizontal=&#8221;align_center&#8221; gutter_size=&#8221;3&#8243; overlay_alpha=&#8221;50&#8243; shift_x=&#8221;0&#8243; shift_y=&#8221;0&#8243; medium_width=&#8221;0&#8243; zoom_width=&#8221;0&#8243; zoom_height=&#8221;0&#8243; width=&#8221;1/1&#8243;][vc_gallery el_id=&#8221;gallery-958453445&#8243; type=&#8221;carousel&#8221; medias=&#8221;573,574,575,576,577&#8243; carousel_lg=&#8221;5&#8243; carousel_md=&#8221;1&#8243; carousel_sm=&#8221;1&#8243; thumb_size=&#8221;one-one&#8221; gutter_size=&#8221;1&#8243; media_items=&#8221;media,icon&#8221; carousel_interval=&#8221;3000&#8243; carousel_navspeed=&#8221;400&#8243; carousel_dots=&#8221;yes&#8221; carousel_dots_mobile=&#8221;yes&#8221; carousel_dots_inside=&#8221;yes&#8221; carousel_dot_padding=&#8221;2&#8243; stage_padding=&#8221;0&#8243; single_overlay_opacity=&#8221;50&#8243; single_text_anim_type=&#8221;btt&#8221; single_h_align=&#8221;center&#8221; single_padding=&#8221;2&#8243; single_icon=&#8221;fa fa-search3&#8243; single_border=&#8221;yes&#8221; single_css_animation=&#8221;bottom-t-top&#8221; single_animation_delay=&#8221;200&#8243; lbox_caption=&#8221;yes&#8221; no_double_tap=&#8221;yes&#8221; carousel_rtl=&#8221;&#8221; single_title_uppercase=&#8221;&#8221; single_title_bold=&#8221;&#8221; single_title_serif=&#8221;&#8221; onclick=&#8221;link_image&#8221; custom_links_target=&#8221;_self&#8221; items=&#8221;eyI4ODY4X2kiOnsic2luZ2xlX3dpZHRoIjoiNCIsInNpbmdsZV9oZWlnaHQiOiI0In0sIjg4NjJfaSI6eyJzaW5nbGVfd2lkdGgiOiI0Iiwic2luZ2xlX2hlaWdodCI6IjQifSwiODg2MF9pIjp7InNpbmdsZV93aWR0aCI6IjQifX0=&#8221; single_half_padding=&#8221;&#8221; single_no_background=&#8221;&#8221;][/vc_column][/vc_row][vc_row row_height_percent=&#8221;0&#8243; override_padding=&#8221;yes&#8221; h_padding=&#8221;2&#8243; top_padding=&#8221;2&#8243; bottom_padding=&#8221;5&#8243; overlay_alpha=&#8221;50&#8243; gutter_size=&#8221;3&#8243; column_width_percent=&#8221;100&#8243; border_color=&#8221;color-gyho&#8221; border_style=&#8221;solid&#8221; shift_y=&#8221;0&#8243; z_index=&#8221;0&#8243; css=&#8221;.vc_custom_1555335928240{border-top-width: 1px !important;}&#8221;][vc_column column_width_percent=&#8221;100&#8243; align_horizontal=&#8221;align_center&#8221; gutter_size=&#8221;3&#8243; overlay_alpha=&#8221;50&#8243; shift_x=&#8221;0&#8243; shift_y=&#8221;0&#8243; shift_y_down=&#8221;0&#8243; z_index=&#8221;0&#8243; medium_width=&#8221;0&#8243; mobile_width=&#8221;0&#8243; width=&#8221;1/1&#8243;][vc_custom_heading heading_semantic=&#8221;h1&#8243; text_font=&#8221;font-315019&#8243; text_size=&#8221;fontsize-192918&#8243; text_color=&#8221;color-150545&#8243;]Mudando as narrativas da pandemia[/vc_custom_heading][vc_column_text]</p>
<p style="text-align: left;">O projeto <strong>Narrativas de Paz</strong> e o <strong>EDI Heloísa Marinho</strong> seguem buscando formas de estarem juntos remotamente e mudar as narrativas da pandemia. Com os desafios de não conseguir ter encontros síncronos com a toda a equipe, no mês de julho, educadoras e educador abraçaram a proposta de, durante o conselho de classe, escolherem livros infantis da biblioteca da escola que lhes chamassem a atenção.<br />
Depois de escolhido o livro, cada um da equipe adaptou a fala de um personagem para uma questão do cotidiano na pandemia. Foram falas de crianças, animais e outros personagens que você pode conferir no vídeo da Tatiana que escolheu o livro “Um tanto perdida” e a emocionante história “Sinto que eu sinto” de Lázaro Ramos, adaptado pela Yasmine.[/vc_column_text][/vc_column][/vc_row][vc_row row_height_percent=&#8221;0&#8243; overlay_alpha=&#8221;50&#8243; gutter_size=&#8221;3&#8243; column_width_percent=&#8221;100&#8243; shift_y=&#8221;-4&#8243; z_index=&#8221;0&#8243;][vc_column column_width_percent=&#8221;70&#8243; gutter_size=&#8221;3&#8243; overlay_alpha=&#8221;50&#8243; shift_x=&#8221;0&#8243; shift_y=&#8221;0&#8243; shift_y_down=&#8221;0&#8243; z_index=&#8221;0&#8243; medium_width=&#8221;0&#8243; mobile_width=&#8221;0&#8243; width=&#8221;1/1&#8243;][vc_single_image media=&#8221;1001&#8243; media_width_percent=&#8221;100&#8243; media_ratio=&#8221;one-one&#8221; alignment=&#8221;center&#8221;][/vc_column][/vc_row][vc_row][vc_column width=&#8221;1/1&#8243;][vc_custom_heading heading_semantic=&#8221;h1&#8243; text_font=&#8221;font-315019&#8243; text_size=&#8221;fontsize-192918&#8243; text_color=&#8221;color-150545&#8243;]Notícias sobre a Educação Infantil[/vc_custom_heading][vc_button button_color=&#8221;color-118042&#8243; border_width=&#8221;0&#8243; link=&#8221;url:https%3A%2F%2Fcecip.org.br%2Fnarrativasdepaz%2F2022%2F05%2F03%2Fnarrativas-de-paz-encerra-as-acoes-presenciais-na-creche-cantinho-feliz%2F|title:Narrativas%20de%20Paz%20encerra%20as%20a%C3%A7%C3%B5es%20presenciais%20na%20Creche%20Cantinho%20Feliz|target:_blank&#8221;]Narrativas de Paz encerra as ações presenciais na Creche Cantinho Feliz[/vc_button][vc_button button_color=&#8221;color-118042&#8243; border_width=&#8221;0&#8243; link=&#8221;url:https%3A%2F%2Fcecip.org.br%2Fnarrativasdepaz%2F2022%2F03%2F09%2Fedi-heloisa-marinho-comemora-10-anos%2F|target:_blank&#8221;]EDI Heloisa Marinho Comemora 10 Anos[/vc_button][vc_button button_color=&#8221;color-118042&#8243; border_width=&#8221;0&#8243; link=&#8221;url:https%3A%2F%2Fcecip.org.br%2Fnarrativasdepaz%2F2021%2F10%2F15%2Fnarrativas-de-paz-comemora-o-15-de-outubro-com-educadoras-de-creches%2F|target:_blank&#8221;]Narrativas de Paz comemora o 15 de outubro[/vc_button][vc_button button_color=&#8221;color-118042&#8243; border_width=&#8221;0&#8243; link=&#8221;url:https%3A%2F%2Fcecip.org.br%2Fnarrativasdepaz%2F2021%2F08%2F20%2Fmudando-as-narrativas-da-pandemia%2F|target:_blank&#8221;]Mudando as narrativas da pandemia[/vc_button][vc_button button_color=&#8221;color-118042&#8243; border_width=&#8221;0&#8243; link=&#8221;url:https%3A%2F%2Fcecip.org.br%2Fnarrativasdepaz%2F2021%2F07%2F01%2Fcompartilhando-a-noticia-do-instituto-trilho%2F|target:_blank&#8221;]Compartilhando a notícia do Instituto Trilho[/vc_button][vc_button button_color=&#8221;color-118042&#8243; border_width=&#8221;0&#8243; link=&#8221;url:https%3A%2F%2Fcecip.org.br%2Fnarrativasdepaz%2F2021%2F04%2F29%2Fsugestao-de-leitura-da-dora%2F|target:_blank&#8221;]Sugestão de Leitura da Dora[/vc_button][vc_button button_color=&#8221;color-118042&#8243; border_width=&#8221;0&#8243; link=&#8221;url:https%3A%2F%2Fcecip.org.br%2Fnarrativasdepaz%2F2021%2F04%2F19%2Fcomemorando-o-dia-nacional-do-livro-infantil%2F|target:_blank&#8221;]Comemorando o Dia Nacional do Livro Infantil[/vc_button][vc_button button_color=&#8221;color-118042&#8243; border_width=&#8221;0&#8243; link=&#8221;url:https%3A%2F%2Fcecip.org.br%2Fnarrativasdepaz%2F2021%2F04%2F01%2Feducar-sem-violencia-com-a-creche-cantinho-feliz%2F|target:_blank&#8221;]Educar sem violência com a Creche Cantinho Feliz[/vc_button][vc_button button_color=&#8221;color-118042&#8243; border_width=&#8221;0&#8243; link=&#8221;url:https%3A%2F%2Fcecip.org.br%2Fnarrativasdepaz%2F2020%2F12%2F21%2Fum-carinho-da-creche-cantinho-feliz%2F|target:_blank&#8221;]Um carinho da Creche Cantinho Feliz[/vc_button][/vc_column][/vc_row]</p>
