{"id":10018,"date":"2014-10-07T19:16:08","date_gmt":"2017-04-30T23:00:15","guid":{"rendered":"https:\/\/cecip.org.br\/tvmaxambomba\/?p=10018"},"modified":"2017-09-13T16:55:27","modified_gmt":"2017-09-13T19:55:27","slug":"alinhavando-uma-vida-melhor","status":"publish","type":"page","link":"https:\/\/cecip.org.br\/tvmaxambomba\/index.php\/programas-pg\/video-pg\/alinhavando-uma-vida-melhor\/","title":{"rendered":"Alinhavando uma vida melhor"},"content":{"rendered":"<body><p>Document\u00e1rio sobre a cooperativa de costura do bairro Rancho Fundo (Nova Igua\u00e7u). A identidade feminina, o trabalho junto com os filhos e o crescimento pessoal s\u00e3o alguns dos temas abordados pelas mulheres.<\/p>\n<\/body>","protected":false},"excerpt":{"rendered":"<p>Document\u00e1rio sobre a cooperativa de costura do bairro Rancho Fundo (Nova Igua\u00e7u). A identidade feminina, o trabalho junto com os filhos e o crescimento pessoal s\u00e3o alguns dos temas abordados pelas mulheres.<\/p>\n","protected":false},"author":1,"featured_media":0,"parent":11062,"menu_order":0,"comment_status":"open","ping_status":"open","template":"","meta":{"_acf_changed":false,"om_disable_all_campaigns":false,"footnotes":""},"tags":[11,8,14,12,13],"class_list":["post-10018","page","type-page","status-publish","hentry","tag-cidadania","tag-comunidade","tag-familia","tag-identidade","tag-lideranca-comunitaria"],"acf":[],"jetpack_sharing_enabled":true,"_links":{"self":[{"href":"https:\/\/cecip.org.br\/tvmaxambomba\/index.php\/wp-json\/wp\/v2\/pages\/10018"}],"collection":[{"href":"https:\/\/cecip.org.br\/tvmaxambomba\/index.php\/wp-json\/wp\/v2\/pages"}],"about":[{"href":"https:\/\/cecip.org.br\/tvmaxambomba\/index.php\/wp-json\/wp\/v2\/types\/page"}],"author":[{"embeddable":true,"href":"https:\/\/cecip.org.br\/tvmaxambomba\/index.php\/wp-json\/wp\/v2\/users\/1"}],"replies":[{"embeddable":true,"href":"https:\/\/cecip.org.br\/tvmaxambomba\/index.php\/wp-json\/wp\/v2\/comments?post=10018"}],"version-history":[{"count":8,"href":"https:\/\/cecip.org.br\/tvmaxambomba\/index.php\/wp-json\/wp\/v2\/pages\/10018\/revisions"}],"predecessor-version":[{"id":12063,"href":"https:\/\/cecip.org.br\/tvmaxambomba\/index.php\/wp-json\/wp\/v2\/pages\/10018\/revisions\/12063"}],"up":[{"embeddable":true,"href":"https:\/\/cecip.org.br\/tvmaxambomba\/index.php\/wp-json\/wp\/v2\/pages\/11062"}],"wp:attachment":[{"href":"https:\/\/cecip.org.br\/tvmaxambomba\/index.php\/wp-json\/wp\/v2\/media?parent=10018"}],"wp:term":[{"taxonomy":"post_tag","embeddable":true,"href":"https:\/\/cecip.org.br\/tvmaxambomba\/index.php\/wp-json\/wp\/v2\/tags?post=10018"}],"curies":[{"name":"wp","href":"https:\/\/api.w.org\/{rel}","templated":true}]}}