{"id":10026,"date":"2014-09-18T14:33:59","date_gmt":"2017-04-30T23:00:16","guid":{"rendered":"https:\/\/cecip.org.br\/tvmaxambomba\/?p=10026"},"modified":"2017-09-13T18:00:38","modified_gmt":"2017-09-13T21:00:38","slug":"bicicletas","status":"publish","type":"page","link":"https:\/\/cecip.org.br\/tvmaxambomba\/index.php\/programas-pg\/video-pg\/bicicletas\/","title":{"rendered":"Bicicletas"},"content":{"rendered":"","protected":false},"excerpt":{"rendered":"<p>Reportagem sobre iniciativas particulares de guarda de bicicletas e sobre biciclet\u00e1rios da CBTU, levantando a necessidade de criar uma ciclovia numa cidade de periferia como Nova Igua\u00e7u e de estimular a utiliza\u00e7\u00e3o da bicicleta como meio de transporte.<\/p>\n","protected":false},"author":1,"featured_media":0,"parent":11062,"menu_order":0,"comment_status":"open","ping_status":"open","template":"","meta":{"_acf_changed":false,"om_disable_all_campaigns":false,"footnotes":""},"tags":[18,16,23],"class_list":["post-10026","page","type-page","status-publish","hentry","tag-meio-ambiente","tag-politicas-publicas","tag-transporte"],"acf":[],"jetpack_sharing_enabled":true,"_links":{"self":[{"href":"https:\/\/cecip.org.br\/tvmaxambomba\/index.php\/wp-json\/wp\/v2\/pages\/10026"}],"collection":[{"href":"https:\/\/cecip.org.br\/tvmaxambomba\/index.php\/wp-json\/wp\/v2\/pages"}],"about":[{"href":"https:\/\/cecip.org.br\/tvmaxambomba\/index.php\/wp-json\/wp\/v2\/types\/page"}],"author":[{"embeddable":true,"href":"https:\/\/cecip.org.br\/tvmaxambomba\/index.php\/wp-json\/wp\/v2\/users\/1"}],"replies":[{"embeddable":true,"href":"https:\/\/cecip.org.br\/tvmaxambomba\/index.php\/wp-json\/wp\/v2\/comments?post=10026"}],"version-history":[{"count":10,"href":"https:\/\/cecip.org.br\/tvmaxambomba\/index.php\/wp-json\/wp\/v2\/pages\/10026\/revisions"}],"predecessor-version":[{"id":12075,"href":"https:\/\/cecip.org.br\/tvmaxambomba\/index.php\/wp-json\/wp\/v2\/pages\/10026\/revisions\/12075"}],"up":[{"embeddable":true,"href":"https:\/\/cecip.org.br\/tvmaxambomba\/index.php\/wp-json\/wp\/v2\/pages\/11062"}],"wp:attachment":[{"href":"https:\/\/cecip.org.br\/tvmaxambomba\/index.php\/wp-json\/wp\/v2\/media?parent=10026"}],"wp:term":[{"taxonomy":"post_tag","embeddable":true,"href":"https:\/\/cecip.org.br\/tvmaxambomba\/index.php\/wp-json\/wp\/v2\/tags?post=10026"}],"curies":[{"name":"wp","href":"https:\/\/api.w.org\/{rel}","templated":true}]}}

<p>Reportagem sobre iniciativas particulares de guarda de bicicletas e sobre bicicletários da CBTU, levantando a necessidade de criar uma ciclovia numa cidade de periferia como Nova Iguaçu e de estimular a utilização da bicicleta como meio de transporte.</p>
