{"id":10035,"date":"2014-10-07T19:15:44","date_gmt":"2017-04-30T23:00:18","guid":{"rendered":"https:\/\/cecip.org.br\/tvmaxambomba\/?p=10035"},"modified":"2017-09-13T18:15:44","modified_gmt":"2017-09-13T21:15:44","slug":"a-historia-de-marina","status":"publish","type":"page","link":"https:\/\/cecip.org.br\/tvmaxambomba\/index.php\/programas-pg\/video-pg\/a-historia-de-marina\/","title":{"rendered":"A Hist\u00f3ria de Marina"},"content":{"rendered":"<body><p>Marina trabalha como catadora de latas para ajudar a fam\u00edlia. T\u00edmida, ela brinca sozinha, fazendo teatro de bonecos no seu quintal. Um dia, as crian\u00e7as da rua quebram com uma bola o jarro de um vizinho de Marina. Ele guarda a bola at\u00e9 que as crian\u00e7as paguem pelo preju\u00edzo. Ap\u00f3s v\u00e1rias perip\u00e9cias, Marina ajuda as crian\u00e7as a recuperar a bola. Este incidente vai mudar rela\u00e7\u00f5es, criando uma nova forma de conviv\u00eancia.<\/p>\n<\/body>","protected":false},"excerpt":{"rendered":"<p>Marina trabalha como catadora de latas para ajudar a fam\u00edlia. T\u00edmida, ela brinca sozinha, fazendo teatro de bonecos no seu quintal. Um dia, as crian\u00e7as da rua quebram com uma bola o jarro de um vizinho de Marina. Ele guarda a bola at\u00e9 que as crian\u00e7as paguem pelo preju\u00edzo. Ap\u00f3s v\u00e1rias perip\u00e9cias, Marina ajuda as [&hellip;]<\/p>\n","protected":false},"author":1,"featured_media":0,"parent":11062,"menu_order":0,"comment_status":"open","ping_status":"open","template":"","meta":{"_acf_changed":false,"om_disable_all_campaigns":false,"footnotes":""},"tags":[11,8,12],"class_list":["post-10035","page","type-page","status-publish","hentry","tag-cidadania","tag-comunidade","tag-identidade"],"acf":[],"jetpack_sharing_enabled":true,"_links":{"self":[{"href":"https:\/\/cecip.org.br\/tvmaxambomba\/index.php\/wp-json\/wp\/v2\/pages\/10035"}],"collection":[{"href":"https:\/\/cecip.org.br\/tvmaxambomba\/index.php\/wp-json\/wp\/v2\/pages"}],"about":[{"href":"https:\/\/cecip.org.br\/tvmaxambomba\/index.php\/wp-json\/wp\/v2\/types\/page"}],"author":[{"embeddable":true,"href":"https:\/\/cecip.org.br\/tvmaxambomba\/index.php\/wp-json\/wp\/v2\/users\/1"}],"replies":[{"embeddable":true,"href":"https:\/\/cecip.org.br\/tvmaxambomba\/index.php\/wp-json\/wp\/v2\/comments?post=10035"}],"version-history":[{"count":7,"href":"https:\/\/cecip.org.br\/tvmaxambomba\/index.php\/wp-json\/wp\/v2\/pages\/10035\/revisions"}],"predecessor-version":[{"id":12080,"href":"https:\/\/cecip.org.br\/tvmaxambomba\/index.php\/wp-json\/wp\/v2\/pages\/10035\/revisions\/12080"}],"up":[{"embeddable":true,"href":"https:\/\/cecip.org.br\/tvmaxambomba\/index.php\/wp-json\/wp\/v2\/pages\/11062"}],"wp:attachment":[{"href":"https:\/\/cecip.org.br\/tvmaxambomba\/index.php\/wp-json\/wp\/v2\/media?parent=10035"}],"wp:term":[{"taxonomy":"post_tag","embeddable":true,"href":"https:\/\/cecip.org.br\/tvmaxambomba\/index.php\/wp-json\/wp\/v2\/tags?post=10035"}],"curies":[{"name":"wp","href":"https:\/\/api.w.org\/{rel}","templated":true}]}}