{"id":10038,"date":"2014-10-07T19:33:10","date_gmt":"2017-04-30T23:00:18","guid":{"rendered":"https:\/\/cecip.org.br\/tvmaxambomba\/?p=10038"},"modified":"2017-09-13T18:24:30","modified_gmt":"2017-09-13T21:24:30","slug":"serra-de-madureira","status":"publish","type":"page","link":"https:\/\/cecip.org.br\/tvmaxambomba\/index.php\/programas-pg\/video-pg\/serra-de-madureira\/","title":{"rendered":"Serra de Madureira"},"content":{"rendered":"","protected":false},"excerpt":{"rendered":"<p>A Serra de Madureira, um maci\u00e7o da Mata Atl\u00e2ntica, \u00e9 uma ilha verde situada no meio da \u00e1rea metropolitana do Rio de Janeiro. Legalmente, h\u00e1 uma \u00c1rea de Prote\u00e7\u00e3o Ambiental (APA) desde 1988. O v\u00eddeo mostra as agress\u00f5es cont\u00ednuas \u00e0 floresta e, atrav\u00e9s de anima\u00e7\u00e3o, as conseq\u00fc\u00eancias no clima e na qualidade de vida da cidade vizinha.<\/p>\n","protected":false},"author":1,"featured_media":0,"parent":11062,"menu_order":0,"comment_status":"open","ping_status":"open","template":"","meta":{"_acf_changed":false,"om_disable_all_campaigns":false,"footnotes":""},"tags":[8,18,16],"class_list":["post-10038","page","type-page","status-publish","hentry","tag-comunidade","tag-meio-ambiente","tag-politicas-publicas"],"acf":[],"jetpack_sharing_enabled":true,"_links":{"self":[{"href":"https:\/\/cecip.org.br\/tvmaxambomba\/index.php\/wp-json\/wp\/v2\/pages\/10038"}],"collection":[{"href":"https:\/\/cecip.org.br\/tvmaxambomba\/index.php\/wp-json\/wp\/v2\/pages"}],"about":[{"href":"https:\/\/cecip.org.br\/tvmaxambomba\/index.php\/wp-json\/wp\/v2\/types\/page"}],"author":[{"embeddable":true,"href":"https:\/\/cecip.org.br\/tvmaxambomba\/index.php\/wp-json\/wp\/v2\/users\/1"}],"replies":[{"embeddable":true,"href":"https:\/\/cecip.org.br\/tvmaxambomba\/index.php\/wp-json\/wp\/v2\/comments?post=10038"}],"version-history":[{"count":8,"href":"https:\/\/cecip.org.br\/tvmaxambomba\/index.php\/wp-json\/wp\/v2\/pages\/10038\/revisions"}],"predecessor-version":[{"id":12084,"href":"https:\/\/cecip.org.br\/tvmaxambomba\/index.php\/wp-json\/wp\/v2\/pages\/10038\/revisions\/12084"}],"up":[{"embeddable":true,"href":"https:\/\/cecip.org.br\/tvmaxambomba\/index.php\/wp-json\/wp\/v2\/pages\/11062"}],"wp:attachment":[{"href":"https:\/\/cecip.org.br\/tvmaxambomba\/index.php\/wp-json\/wp\/v2\/media?parent=10038"}],"wp:term":[{"taxonomy":"post_tag","embeddable":true,"href":"https:\/\/cecip.org.br\/tvmaxambomba\/index.php\/wp-json\/wp\/v2\/tags?post=10038"}],"curies":[{"name":"wp","href":"https:\/\/api.w.org\/{rel}","templated":true}]}}

<p>A Serra de Madureira, um maciço da Mata Atlântica, é uma ilha verde situada no meio da área metropolitana do Rio de Janeiro. Legalmente, há uma Área de Proteção Ambiental (APA) desde 1988. O vídeo mostra as agressões contínuas à floresta e, através de animação, as conseqüências no clima e na qualidade de vida da cidade vizinha.</p>
