{"id":10040,"date":"2014-10-07T19:17:35","date_gmt":"2017-04-30T23:00:18","guid":{"rendered":"https:\/\/cecip.org.br\/tvmaxambomba\/?p=10040"},"modified":"2017-09-13T18:27:46","modified_gmt":"2017-09-13T21:27:46","slug":"vaquejada","status":"publish","type":"page","link":"https:\/\/cecip.org.br\/tvmaxambomba\/index.php\/programas-pg\/video-pg\/vaquejada\/","title":{"rendered":"Vaquejada"},"content":{"rendered":"<body><p>A meia hora do centro agitado de Nova Igua\u00e7u, estamos em pleno interior do Brasil: rodeio, corrida de cavalo, um toureiro improvisado. A vaquejada come\u00e7ou com um grupo de amigos que lida com animais durante a semana. Atualmente, re\u00fane dezenas de pessoas que misturam alegria e cerveja nos domingos de sol.<\/p>\n<\/body>","protected":false},"excerpt":{"rendered":"<p>A meia hora do centro agitado de Nova Igua\u00e7u, estamos em pleno interior do Brasil: rodeio, corrida de cavalo, um toureiro improvisado. A vaquejada come\u00e7ou com um grupo de amigos que lida com animais durante a semana. Atualmente, re\u00fane dezenas de pessoas que misturam alegria e cerveja nos domingos de sol.<\/p>\n","protected":false},"author":1,"featured_media":0,"parent":11062,"menu_order":0,"comment_status":"open","ping_status":"open","template":"","meta":{"_acf_changed":false,"om_disable_all_campaigns":false,"footnotes":""},"tags":[8,24,28,29],"class_list":["post-10040","page","type-page","status-publish","hentry","tag-comunidade","tag-cultura","tag-lazer","tag-rural"],"acf":[],"jetpack_sharing_enabled":true,"_links":{"self":[{"href":"https:\/\/cecip.org.br\/tvmaxambomba\/index.php\/wp-json\/wp\/v2\/pages\/10040"}],"collection":[{"href":"https:\/\/cecip.org.br\/tvmaxambomba\/index.php\/wp-json\/wp\/v2\/pages"}],"about":[{"href":"https:\/\/cecip.org.br\/tvmaxambomba\/index.php\/wp-json\/wp\/v2\/types\/page"}],"author":[{"embeddable":true,"href":"https:\/\/cecip.org.br\/tvmaxambomba\/index.php\/wp-json\/wp\/v2\/users\/1"}],"replies":[{"embeddable":true,"href":"https:\/\/cecip.org.br\/tvmaxambomba\/index.php\/wp-json\/wp\/v2\/comments?post=10040"}],"version-history":[{"count":8,"href":"https:\/\/cecip.org.br\/tvmaxambomba\/index.php\/wp-json\/wp\/v2\/pages\/10040\/revisions"}],"predecessor-version":[{"id":12085,"href":"https:\/\/cecip.org.br\/tvmaxambomba\/index.php\/wp-json\/wp\/v2\/pages\/10040\/revisions\/12085"}],"up":[{"embeddable":true,"href":"https:\/\/cecip.org.br\/tvmaxambomba\/index.php\/wp-json\/wp\/v2\/pages\/11062"}],"wp:attachment":[{"href":"https:\/\/cecip.org.br\/tvmaxambomba\/index.php\/wp-json\/wp\/v2\/media?parent=10040"}],"wp:term":[{"taxonomy":"post_tag","embeddable":true,"href":"https:\/\/cecip.org.br\/tvmaxambomba\/index.php\/wp-json\/wp\/v2\/tags?post=10040"}],"curies":[{"name":"wp","href":"https:\/\/api.w.org\/{rel}","templated":true}]}}