{"id":10099,"date":"2014-09-17T14:01:30","date_gmt":"2017-04-30T23:00:26","guid":{"rendered":"https:\/\/cecip.org.br\/tvmaxambomba\/?p=10099"},"modified":"2017-09-20T14:58:53","modified_gmt":"2017-09-20T17:58:53","slug":"puxando-conversa-chega-a-nova-iguacu","status":"publish","type":"page","link":"https:\/\/cecip.org.br\/tvmaxambomba\/index.php\/publicacoes-pub\/texto-pub\/puxando-conversa-chega-a-nova-iguacu\/","title":{"rendered":"Puxando Conversa chega a Nova Igua\u00e7u"},"content":{"rendered":"<body><p>Evento do projeto Puxando conversa, lan\u00e7amento do v\u00eddeo Nas veredas do samba, com Noca da Portela e Toninho Nascimento.<\/p>\n<\/body>","protected":false},"excerpt":{"rendered":"<p>Evento do projeto Puxando conversa, lan\u00e7amento do v\u00eddeo Nas veredas do samba, com Noca da Portela e Toninho Nascimento.<\/p>\n","protected":false},"author":1,"featured_media":0,"parent":11058,"menu_order":0,"comment_status":"open","ping_status":"open","template":"","meta":{"_acf_changed":false,"om_disable_all_campaigns":false,"footnotes":""},"tags":[20],"class_list":["post-10099","page","type-page","status-publish","hentry","tag-musica"],"acf":[],"jetpack_sharing_enabled":true,"_links":{"self":[{"href":"https:\/\/cecip.org.br\/tvmaxambomba\/index.php\/wp-json\/wp\/v2\/pages\/10099"}],"collection":[{"href":"https:\/\/cecip.org.br\/tvmaxambomba\/index.php\/wp-json\/wp\/v2\/pages"}],"about":[{"href":"https:\/\/cecip.org.br\/tvmaxambomba\/index.php\/wp-json\/wp\/v2\/types\/page"}],"author":[{"embeddable":true,"href":"https:\/\/cecip.org.br\/tvmaxambomba\/index.php\/wp-json\/wp\/v2\/users\/1"}],"replies":[{"embeddable":true,"href":"https:\/\/cecip.org.br\/tvmaxambomba\/index.php\/wp-json\/wp\/v2\/comments?post=10099"}],"version-history":[{"count":7,"href":"https:\/\/cecip.org.br\/tvmaxambomba\/index.php\/wp-json\/wp\/v2\/pages\/10099\/revisions"}],"predecessor-version":[{"id":12130,"href":"https:\/\/cecip.org.br\/tvmaxambomba\/index.php\/wp-json\/wp\/v2\/pages\/10099\/revisions\/12130"}],"up":[{"embeddable":true,"href":"https:\/\/cecip.org.br\/tvmaxambomba\/index.php\/wp-json\/wp\/v2\/pages\/11058"}],"wp:attachment":[{"href":"https:\/\/cecip.org.br\/tvmaxambomba\/index.php\/wp-json\/wp\/v2\/media?parent=10099"}],"wp:term":[{"taxonomy":"post_tag","embeddable":true,"href":"https:\/\/cecip.org.br\/tvmaxambomba\/index.php\/wp-json\/wp\/v2\/tags?post=10099"}],"curies":[{"name":"wp","href":"https:\/\/api.w.org\/{rel}","templated":true}]}}