{"id":10119,"date":"2014-09-18T14:34:24","date_gmt":"2017-04-30T23:00:29","guid":{"rendered":"https:\/\/cecip.org.br\/tvmaxambomba\/?p=10119"},"modified":"2017-09-26T16:17:45","modified_gmt":"2017-09-26T19:17:45","slug":"teatro-procopio-ferreira-reabre-no-dia-29-com-seu-palco-duplicado","status":"publish","type":"page","link":"https:\/\/cecip.org.br\/tvmaxambomba\/index.php\/publicacoes-pub\/texto-pub\/teatro-procopio-ferreira-reabre-no-dia-29-com-seu-palco-duplicado\/","title":{"rendered":"Teatro Proc\u00f3pio Ferreira reabre no dia 29 com seu palco duplicado"},"content":{"rendered":"<body><p>A Tv Maxambomba exibe o v\u00eddeo Hist\u00f3ria de Nova Igua\u00e7u na reabertura do teatro Proc\u00f3pio  Ferreira.<\/p>\n<\/body>","protected":false},"excerpt":{"rendered":"<p>A Tv Maxambomba exibe o v\u00eddeo Hist\u00f3ria de Nova Igua\u00e7u na reabertura do teatro Proc\u00f3pio Ferreira.<\/p>\n","protected":false},"author":1,"featured_media":0,"parent":11058,"menu_order":0,"comment_status":"open","ping_status":"open","template":"","meta":{"_acf_changed":false,"om_disable_all_campaigns":false,"footnotes":""},"tags":[32,33],"class_list":["post-10119","page","type-page","status-publish","hentry","tag-audiovisual","tag-video"],"acf":[],"jetpack_sharing_enabled":true,"_links":{"self":[{"href":"https:\/\/cecip.org.br\/tvmaxambomba\/index.php\/wp-json\/wp\/v2\/pages\/10119"}],"collection":[{"href":"https:\/\/cecip.org.br\/tvmaxambomba\/index.php\/wp-json\/wp\/v2\/pages"}],"about":[{"href":"https:\/\/cecip.org.br\/tvmaxambomba\/index.php\/wp-json\/wp\/v2\/types\/page"}],"author":[{"embeddable":true,"href":"https:\/\/cecip.org.br\/tvmaxambomba\/index.php\/wp-json\/wp\/v2\/users\/1"}],"replies":[{"embeddable":true,"href":"https:\/\/cecip.org.br\/tvmaxambomba\/index.php\/wp-json\/wp\/v2\/comments?post=10119"}],"version-history":[{"count":7,"href":"https:\/\/cecip.org.br\/tvmaxambomba\/index.php\/wp-json\/wp\/v2\/pages\/10119\/revisions"}],"predecessor-version":[{"id":12154,"href":"https:\/\/cecip.org.br\/tvmaxambomba\/index.php\/wp-json\/wp\/v2\/pages\/10119\/revisions\/12154"}],"up":[{"embeddable":true,"href":"https:\/\/cecip.org.br\/tvmaxambomba\/index.php\/wp-json\/wp\/v2\/pages\/11058"}],"wp:attachment":[{"href":"https:\/\/cecip.org.br\/tvmaxambomba\/index.php\/wp-json\/wp\/v2\/media?parent=10119"}],"wp:term":[{"taxonomy":"post_tag","embeddable":true,"href":"https:\/\/cecip.org.br\/tvmaxambomba\/index.php\/wp-json\/wp\/v2\/tags?post=10119"}],"curies":[{"name":"wp","href":"https:\/\/api.w.org\/{rel}","templated":true}]}}