{"id":10143,"date":"2014-10-07T19:09:36","date_gmt":"2017-04-30T23:00:32","guid":{"rendered":"https:\/\/cecip.org.br\/tvmaxambomba\/?p=10143"},"modified":"2017-10-03T12:59:29","modified_gmt":"2017-10-03T15:59:29","slug":"tv-maxambomba-faz-5-anos-na-baixada","status":"publish","type":"page","link":"https:\/\/cecip.org.br\/tvmaxambomba\/index.php\/publicacoes-pub\/texto-pub\/tv-maxambomba-faz-5-anos-na-baixada\/","title":{"rendered":"TV Maxambomba faz  5 anos na Baixada"},"content":{"rendered":"<body><p>Mat\u00e9ria sobre os 5 anos de atividades da TV Maxambomba na Baixada Fluminense.<br>\nEste arquivo \u00e9 capa de mat\u00e9ria do arquivo <a href=\"https:\/\/cecip.org.br\/tvmaxambomba\/wp-content\/uploads\/2017\/04\/TVM.PUB_.TXT.0044.pdf\" target=\"_blank\">TVM.PUB.TXT0044<\/a><\/p>\n<\/body>","protected":false},"excerpt":{"rendered":"<p>Mat\u00e9ria sobre os 5 anos de atividades da TV Maxambomba na Baixada Fluminense. Este arquivo \u00e9 capa de mat\u00e9ria do arquivo TVM.PUB.TXT0044<\/p>\n","protected":false},"author":1,"featured_media":0,"parent":11058,"menu_order":0,"comment_status":"open","ping_status":"open","template":"","meta":{"_acf_changed":false,"om_disable_all_campaigns":false,"footnotes":""},"tags":[32],"class_list":["post-10143","page","type-page","status-publish","hentry","tag-audiovisual"],"acf":[],"jetpack_sharing_enabled":true,"_links":{"self":[{"href":"https:\/\/cecip.org.br\/tvmaxambomba\/index.php\/wp-json\/wp\/v2\/pages\/10143"}],"collection":[{"href":"https:\/\/cecip.org.br\/tvmaxambomba\/index.php\/wp-json\/wp\/v2\/pages"}],"about":[{"href":"https:\/\/cecip.org.br\/tvmaxambomba\/index.php\/wp-json\/wp\/v2\/types\/page"}],"author":[{"embeddable":true,"href":"https:\/\/cecip.org.br\/tvmaxambomba\/index.php\/wp-json\/wp\/v2\/users\/1"}],"replies":[{"embeddable":true,"href":"https:\/\/cecip.org.br\/tvmaxambomba\/index.php\/wp-json\/wp\/v2\/comments?post=10143"}],"version-history":[{"count":8,"href":"https:\/\/cecip.org.br\/tvmaxambomba\/index.php\/wp-json\/wp\/v2\/pages\/10143\/revisions"}],"predecessor-version":[{"id":12196,"href":"https:\/\/cecip.org.br\/tvmaxambomba\/index.php\/wp-json\/wp\/v2\/pages\/10143\/revisions\/12196"}],"up":[{"embeddable":true,"href":"https:\/\/cecip.org.br\/tvmaxambomba\/index.php\/wp-json\/wp\/v2\/pages\/11058"}],"wp:attachment":[{"href":"https:\/\/cecip.org.br\/tvmaxambomba\/index.php\/wp-json\/wp\/v2\/media?parent=10143"}],"wp:term":[{"taxonomy":"post_tag","embeddable":true,"href":"https:\/\/cecip.org.br\/tvmaxambomba\/index.php\/wp-json\/wp\/v2\/tags?post=10143"}],"curies":[{"name":"wp","href":"https:\/\/api.w.org\/{rel}","templated":true}]}}