{"id":10150,"date":"2014-10-07T19:12:02","date_gmt":"2017-04-30T23:00:33","guid":{"rendered":"https:\/\/cecip.org.br\/tvmaxambomba\/?p=10150"},"modified":"2017-10-03T14:38:02","modified_gmt":"2017-10-03T17:38:02","slug":"em-nova-iguacu-uma-tv-para-a-comunidade","status":"publish","type":"page","link":"https:\/\/cecip.org.br\/tvmaxambomba\/index.php\/publicacoes-pub\/texto-pub\/em-nova-iguacu-uma-tv-para-a-comunidade\/","title":{"rendered":"Em Nova Igua\u00e7u, uma TV para a comunidade."},"content":{"rendered":"<body><p>Mat\u00e9ria sobre a atua\u00e7\u00e3o da TV Maxambomba na Baixada Fluminense e do Projeto Musical Quinta oito e trinta.<\/p>\n<\/body>","protected":false},"excerpt":{"rendered":"<p>Mat\u00e9ria sobre a atua\u00e7\u00e3o da TV Maxambomba na Baixada Fluminense e do Projeto Musical Quinta oito e trinta.<\/p>\n","protected":false},"author":1,"featured_media":0,"parent":11058,"menu_order":0,"comment_status":"open","ping_status":"open","template":"","meta":{"_acf_changed":false,"om_disable_all_campaigns":false,"footnotes":""},"tags":[32],"class_list":["post-10150","page","type-page","status-publish","hentry","tag-audiovisual"],"acf":[],"jetpack_sharing_enabled":true,"_links":{"self":[{"href":"https:\/\/cecip.org.br\/tvmaxambomba\/index.php\/wp-json\/wp\/v2\/pages\/10150"}],"collection":[{"href":"https:\/\/cecip.org.br\/tvmaxambomba\/index.php\/wp-json\/wp\/v2\/pages"}],"about":[{"href":"https:\/\/cecip.org.br\/tvmaxambomba\/index.php\/wp-json\/wp\/v2\/types\/page"}],"author":[{"embeddable":true,"href":"https:\/\/cecip.org.br\/tvmaxambomba\/index.php\/wp-json\/wp\/v2\/users\/1"}],"replies":[{"embeddable":true,"href":"https:\/\/cecip.org.br\/tvmaxambomba\/index.php\/wp-json\/wp\/v2\/comments?post=10150"}],"version-history":[{"count":8,"href":"https:\/\/cecip.org.br\/tvmaxambomba\/index.php\/wp-json\/wp\/v2\/pages\/10150\/revisions"}],"predecessor-version":[{"id":12205,"href":"https:\/\/cecip.org.br\/tvmaxambomba\/index.php\/wp-json\/wp\/v2\/pages\/10150\/revisions\/12205"}],"up":[{"embeddable":true,"href":"https:\/\/cecip.org.br\/tvmaxambomba\/index.php\/wp-json\/wp\/v2\/pages\/11058"}],"wp:attachment":[{"href":"https:\/\/cecip.org.br\/tvmaxambomba\/index.php\/wp-json\/wp\/v2\/media?parent=10150"}],"wp:term":[{"taxonomy":"post_tag","embeddable":true,"href":"https:\/\/cecip.org.br\/tvmaxambomba\/index.php\/wp-json\/wp\/v2\/tags?post=10150"}],"curies":[{"name":"wp","href":"https:\/\/api.w.org\/{rel}","templated":true}]}}