{"id":10999,"date":"2017-05-30T12:27:48","date_gmt":"2017-05-30T15:27:48","guid":{"rendered":"https:\/\/cecip.org.br\/tvmaxambomba\/?page_id=10999"},"modified":"2017-08-01T11:42:40","modified_gmt":"2017-08-01T14:42:40","slug":"parcerias-par","status":"publish","type":"page","link":"https:\/\/cecip.org.br\/tvmaxambomba\/index.php\/parcerias-par\/","title":{"rendered":"Parcerias &#8211; PAR"},"content":{"rendered":"<body><p><\/p><img data-recalc-dims=\"1\" decoding=\"async\" src=\"https:\/\/i0.wp.com\/cecip.org.br\/tvmaxambomba\/wp-content\/uploads\/2017\/05\/Parcerias-PAR.png?resize=242%2C300&#038;ssl=1\" alt=\"\" width=\"242\" height=\"300\" class=\"alignleft size-medium wp-image-11122\" loading=\"lazy\" srcset=\"https:\/\/i0.wp.com\/cecip.org.br\/tvmaxambomba\/wp-content\/uploads\/2017\/05\/Parcerias-PAR.png?resize=242%2C300&amp;ssl=1 242w, https:\/\/i0.wp.com\/cecip.org.br\/tvmaxambomba\/wp-content\/uploads\/2017\/05\/Parcerias-PAR.png?w=662&amp;ssl=1 662w\" sizes=\"(max-width: 242px) 100vw, 242px\" \/> A equipe da TV Maxambomba realizou diversas oficinas de produ\u00e7\u00e3o de v\u00eddeo com movimentos populares, estimulando a sensibiliza\u00e7\u00e3o do olhar para temas espec\u00edficos, a reflex\u00e3o sobre a produ\u00e7\u00e3o audiovisual e a import\u00e2ncia da democratiza\u00e7\u00e3o da informa\u00e7\u00e3o.\n<p>O Movimento Negro, Grupo de Mulheres, Movimento por Creches e de Professores estavam presentes e ativos na Baixada Fluminense. A ideia era que seus representantes tivessem acesso \u00e0s tecnologias e \u00e0 linguagem audiovisual e as utilizassem como instrumento para provocar o debate e a reflex\u00e3o da sociedade e estimular o di\u00e1logo. Os v\u00eddeos produzidos pelos participantes das Oficinas tamb\u00e9m eram exibidos no tel\u00e3o da TV Maxambomba. <\/p>\n<p>A equipe da TVM realizou atividades especiais em diferentes locais e em parceria com outras organiza\u00e7\u00f5es, como por exemplo, exibi\u00e7\u00f5es no Dia Nacional da Luta Antimanicomial, realizada no Largo do Machado, em conjunto com a TV Pinel, e no evento de Homenagem das ONGs ao Betinho, que aconteceu em Duque de Caxias, na Catedral de Santo Ant\u00f4nio, Lan\u00e7amento do v\u00eddeo \u201cTr\u00eas Hist\u00f3rias\u201d, na Rocinha, em parceria com a ASPA, participa\u00e7\u00e3o nos Encontros de TVs Comunit\u00e1rias, que reuniam outros grupos produtores como a Bem TV, FACHA e TV Pinel.<\/p>\n<p>[wpb_childpages]<\/p>\n<\/body>","protected":false},"excerpt":{"rendered":"<p>A equipe da TV Maxambomba realizou diversas oficinas de produ\u00e7\u00e3o de v\u00eddeo com movimentos populares, estimulando a sensibiliza\u00e7\u00e3o do olhar para temas espec\u00edficos, a reflex\u00e3o sobre a produ\u00e7\u00e3o audiovisual e a import\u00e2ncia da democratiza\u00e7\u00e3o da informa\u00e7\u00e3o. O Movimento Negro, Grupo de Mulheres, Movimento por Creches e de Professores estavam presentes e ativos na Baixada Fluminense. [&hellip;]<\/p>\n","protected":false},"author":1,"featured_media":0,"parent":0,"menu_order":0,"comment_status":"closed","ping_status":"closed","template":"","meta":{"_acf_changed":false,"om_disable_all_campaigns":false,"footnotes":""},"tags":[],"class_list":["post-10999","page","type-page","status-publish","hentry"],"acf":[],"jetpack_sharing_enabled":true,"_links":{"self":[{"href":"https:\/\/cecip.org.br\/tvmaxambomba\/index.php\/wp-json\/wp\/v2\/pages\/10999"}],"collection":[{"href":"https:\/\/cecip.org.br\/tvmaxambomba\/index.php\/wp-json\/wp\/v2\/pages"}],"about":[{"href":"https:\/\/cecip.org.br\/tvmaxambomba\/index.php\/wp-json\/wp\/v2\/types\/page"}],"author":[{"embeddable":true,"href":"https:\/\/cecip.org.br\/tvmaxambomba\/index.php\/wp-json\/wp\/v2\/users\/1"}],"replies":[{"embeddable":true,"href":"https:\/\/cecip.org.br\/tvmaxambomba\/index.php\/wp-json\/wp\/v2\/comments?post=10999"}],"version-history":[{"count":8,"href":"https:\/\/cecip.org.br\/tvmaxambomba\/index.php\/wp-json\/wp\/v2\/pages\/10999\/revisions"}],"predecessor-version":[{"id":11485,"href":"https:\/\/cecip.org.br\/tvmaxambomba\/index.php\/wp-json\/wp\/v2\/pages\/10999\/revisions\/11485"}],"wp:attachment":[{"href":"https:\/\/cecip.org.br\/tvmaxambomba\/index.php\/wp-json\/wp\/v2\/media?parent=10999"}],"wp:term":[{"taxonomy":"post_tag","embeddable":true,"href":"https:\/\/cecip.org.br\/tvmaxambomba\/index.php\/wp-json\/wp\/v2\/tags?post=10999"}],"curies":[{"name":"wp","href":"https:\/\/api.w.org\/{rel}","templated":true}]}}

<body><p></p><img data-recalc-dims="1" decoding="async" src="https://i0.wp.com/cecip.org.br/tvmaxambomba/wp-content/uploads/2017/05/Parcerias-PAR.png?resize=242%2C300&#038;ssl=1" alt="" width="242" height="300" class="alignleft size-medium wp-image-11122" loading="lazy" srcset="https://i0.wp.com/cecip.org.br/tvmaxambomba/wp-content/uploads/2017/05/Parcerias-PAR.png?resize=242%2C300&amp;ssl=1 242w, https://i0.wp.com/cecip.org.br/tvmaxambomba/wp-content/uploads/2017/05/Parcerias-PAR.png?w=662&amp;ssl=1 662w" sizes="(max-width: 242px) 100vw, 242px" /> A equipe da TV Maxambomba realizou diversas oficinas de produção de vídeo com movimentos populares, estimulando a sensibilização do olhar para temas específicos, a reflexão sobre a produção audiovisual e a importância da democratização da informação.
<p>O Movimento Negro, Grupo de Mulheres, Movimento por Creches e de Professores estavam presentes e ativos na Baixada Fluminense. A ideia era que seus representantes tivessem acesso às tecnologias e à linguagem audiovisual e as utilizassem como instrumento para provocar o debate e a reflexão da sociedade e estimular o diálogo. Os vídeos produzidos pelos participantes das Oficinas também eram exibidos no telão da TV Maxambomba. </p>
<p>A equipe da TVM realizou atividades especiais em diferentes locais e em parceria com outras organizações, como por exemplo, exibições no Dia Nacional da Luta Antimanicomial, realizada no Largo do Machado, em conjunto com a TV Pinel, e no evento de Homenagem das ONGs ao Betinho, que aconteceu em Duque de Caxias, na Catedral de Santo Antônio, Lançamento do vídeo “Três Histórias”, na Rocinha, em parceria com a ASPA, participação nos Encontros de TVs Comunitárias, que reuniam outros grupos produtores como a Bem TV, FACHA e TV Pinel.</p>
<p>[wpb_childpages]</p>
</body>

<p>A equipe da TV Maxambomba realizou diversas oficinas de produção de vídeo com movimentos populares, estimulando a sensibilização do olhar para temas específicos, a reflexão sobre a produção audiovisual e a importância da democratização da informação. O Movimento Negro, Grupo de Mulheres, Movimento por Creches e de Professores estavam presentes e ativos na Baixada Fluminense. [&hellip;]</p>
